CRAN Package Check Results for Package slimrec

Last updated on 2025-10-23 15:50:12 CEST.

Flavor Version Tinstall Tcheck Ttotal Status Flags
r-devel-linux-x86_64-debian-clang 0.1.0 5.91 65.48 71.39 NOTE
r-devel-linux-x86_64-debian-gcc 0.1.0 5.65 51.04 56.69 NOTE
r-devel-linux-x86_64-fedora-clang 0.1.0 35.00 80.38 115.38 NOTE
r-devel-linux-x86_64-fedora-gcc 0.1.0 19.00 90.66 109.66 NOTE
r-devel-windows-x86_64 0.1.0 8.00 75.00 83.00 NOTE
r-patched-linux-x86_64 0.1.0 7.49 63.10 70.59 NOTE
r-release-linux-x86_64 0.1.0 7.06 62.77 69.83 NOTE
r-release-macos-arm64 0.1.0 4.00 32.00 36.00 NOTE
r-release-macos-x86_64 0.1.0 7.00 59.00 66.00 NOTE
r-release-windows-x86_64 0.1.0 9.00 76.00 85.00 NOTE
r-oldrel-macos-arm64 0.1.0 3.00 31.00 34.00 NOTE
r-oldrel-macos-x86_64 0.1.0 5.00 44.00 49.00 NOTE
r-oldrel-windows-x86_64 0.1.0 10.00 94.00 104.00 NOTE

Check Details

Version: 0.1.0
Check: package subdirectories
Result: NOTE Problems with news in ‘NEWS.md’: No news entries found. Flavors: r-devel-linux-x86_64-debian-clang, r-devel-linux-x86_64-debian-gcc, r-devel-linux-x86_64-fedora-clang, r-devel-linux-x86_64-fedora-gcc, r-devel-windows-x86_64, r-patched-linux-x86_64, r-release-linux-x86_64, r-release-macos-arm64, r-release-macos-x86_64, r-release-windows-x86_64, r-oldrel-macos-arm64, r-oldrel-macos-x86_64, r-oldrel-windows-x86_64

These binaries (installable software) and packages are in development.
They may not be fully stable and should be used with caution. We make no claims about them.