Last updated on 2025-07-22 13:49:24 CEST.
Flavor | Version | Tinstall | Tcheck | Ttotal | Status | Flags |
---|---|---|---|---|---|---|
r-devel-linux-x86_64-debian-clang | 0.1.0 | 7.68 | 63.17 | 70.85 | NOTE | |
r-devel-linux-x86_64-debian-gcc | 0.1.0 | 4.86 | 49.42 | 54.28 | NOTE | |
r-devel-linux-x86_64-fedora-clang | 0.1.0 | 111.09 | NOTE | |||
r-devel-linux-x86_64-fedora-gcc | 0.1.0 | 108.55 | NOTE | |||
r-devel-windows-x86_64 | 0.1.0 | 9.00 | 74.00 | 83.00 | NOTE | |
r-patched-linux-x86_64 | 0.1.0 | 7.40 | 62.31 | 69.71 | NOTE | |
r-release-linux-x86_64 | 0.1.0 | 7.28 | 62.20 | 69.48 | NOTE | |
r-release-macos-arm64 | 0.1.0 | 36.00 | NOTE | |||
r-release-macos-x86_64 | 0.1.0 | 66.00 | NOTE | |||
r-release-windows-x86_64 | 0.1.0 | 9.00 | 73.00 | 82.00 | NOTE | |
r-oldrel-macos-arm64 | 0.1.0 | 34.00 | NOTE | |||
r-oldrel-macos-x86_64 | 0.1.0 | 49.00 | NOTE | |||
r-oldrel-windows-x86_64 | 0.1.0 | 10.00 | 95.00 | 105.00 | NOTE |
Version: 0.1.0
Check: package subdirectories
Result: NOTE
Problems with news in ‘NEWS.md’:
No news entries found.
Flavors: r-devel-linux-x86_64-debian-clang, r-devel-linux-x86_64-debian-gcc, r-devel-linux-x86_64-fedora-clang, r-devel-linux-x86_64-fedora-gcc, r-devel-windows-x86_64, r-patched-linux-x86_64, r-release-linux-x86_64, r-release-macos-arm64, r-release-macos-x86_64, r-release-windows-x86_64, r-oldrel-macos-arm64, r-oldrel-macos-x86_64, r-oldrel-windows-x86_64
These binaries (installable software) and packages are in development.
They may not be fully stable and should be used with caution. We make no claims about them.