CRAN Package Check Results for Package slimrec

Last updated on 2025-11-13 03:51:18 CET.

Flavor Version Tinstall Tcheck Ttotal Status Flags
r-devel-linux-x86_64-debian-clang 0.1.0 7.55 66.20 73.75 NOTE
r-devel-linux-x86_64-debian-gcc 0.1.0 5.46 50.22 55.68 NOTE
r-devel-linux-x86_64-fedora-clang 0.1.0 16.00 96.39 112.39 NOTE
r-devel-linux-x86_64-fedora-gcc 0.1.0 45.00 66.67 111.67 NOTE
r-devel-windows-x86_64 0.1.0 9.00 73.00 82.00 NOTE
r-patched-linux-x86_64 0.1.0 7.23 63.85 71.08 NOTE
r-release-linux-x86_64 0.1.0 7.09 62.99 70.08 NOTE
r-release-macos-arm64 0.1.0 4.00 32.00 36.00 NOTE
r-release-macos-x86_64 0.1.0 7.00 59.00 66.00 NOTE
r-release-windows-x86_64 0.1.0 9.00 74.00 83.00 NOTE
r-oldrel-macos-arm64 0.1.0 3.00 31.00 34.00 NOTE
r-oldrel-macos-x86_64 0.1.0 5.00 44.00 49.00 NOTE
r-oldrel-windows-x86_64 0.1.0 10.00 94.00 104.00 NOTE

Check Details

Version: 0.1.0
Check: package subdirectories
Result: NOTE Problems with news in ‘NEWS.md’: No news entries found. Flavors: r-devel-linux-x86_64-debian-clang, r-devel-linux-x86_64-debian-gcc, r-devel-linux-x86_64-fedora-clang, r-devel-linux-x86_64-fedora-gcc, r-devel-windows-x86_64, r-patched-linux-x86_64, r-release-linux-x86_64, r-release-macos-arm64, r-release-macos-x86_64, r-release-windows-x86_64, r-oldrel-macos-arm64, r-oldrel-macos-x86_64, r-oldrel-windows-x86_64

These binaries (installable software) and packages are in development.
They may not be fully stable and should be used with caution. We make no claims about them.