Last updated on 2025-10-03 01:50:03 CEST.
Flavor | Version | Tinstall | Tcheck | Ttotal | Status | Flags |
---|---|---|---|---|---|---|
r-devel-linux-x86_64-debian-clang | 0.3.1 | 1.23 | 50.73 | 51.96 | OK | |
r-devel-linux-x86_64-debian-gcc | 0.3.1 | 1.54 | 36.76 | 38.30 | OK | |
r-devel-linux-x86_64-fedora-clang | 0.3.1 | 80.25 | OK | |||
r-devel-linux-x86_64-fedora-gcc | 0.3.1 | 94.75 | OK | |||
r-devel-windows-x86_64 | 0.3.1 | 4.00 | 73.00 | 77.00 | OK | |
r-patched-linux-x86_64 | 0.3.1 | 1.92 | 48.11 | 50.03 | OK | |
r-release-linux-x86_64 | 0.3.1 | 1.57 | 48.12 | 49.69 | OK | |
r-release-macos-arm64 | 0.3.1 | 44.00 | OK | |||
r-release-macos-x86_64 | 0.3.1 | 83.00 | OK | |||
r-release-windows-x86_64 | 0.3.1 | 5.00 | 71.00 | 76.00 | OK | |
r-oldrel-macos-arm64 | 0.3.1 | 36.00 | NOTE | |||
r-oldrel-macos-x86_64 | 0.3.1 | 51.00 | NOTE | |||
r-oldrel-windows-x86_64 | 0.3.1 | 4.00 | 80.00 | 84.00 | NOTE |
Version: 0.3.1
Check: LazyData
Result: NOTE
'LazyData' is specified without a 'data' directory
Flavors: r-oldrel-macos-arm64, r-oldrel-macos-x86_64, r-oldrel-windows-x86_64
These binaries (installable software) and packages are in development.
They may not be fully stable and should be used with caution. We make no claims about them.