CRAN Package Check Results for Package slippymath

Last updated on 2025-02-16 08:51:01 CET.

Flavor Version Tinstall Tcheck Ttotal Status Flags
r-devel-linux-x86_64-debian-clang 0.3.1 2.08 46.67 48.75 OK
r-devel-linux-x86_64-debian-gcc 0.3.1 1.53 36.03 37.56 OK
r-devel-linux-x86_64-fedora-clang 0.3.1 82.32 OK
r-devel-linux-x86_64-fedora-gcc 0.3.1 90.97 OK
r-devel-macos-arm64 0.3.1 35.00 OK
r-devel-macos-x86_64 0.3.1 80.00 OK
r-devel-windows-x86_64 0.3.1 4.00 72.00 76.00 OK
r-patched-linux-x86_64 0.3.1 2.09 43.74 45.83 NOTE
r-release-linux-x86_64 0.3.1 2.07 44.52 46.59 NOTE
r-release-macos-arm64 0.3.1 36.00 NOTE
r-release-macos-x86_64 0.3.1 51.00 NOTE
r-release-windows-x86_64 0.3.1 5.00 69.00 74.00 NOTE
r-oldrel-macos-arm64 0.3.1 35.00 NOTE
r-oldrel-macos-x86_64 0.3.1 52.00 NOTE
r-oldrel-windows-x86_64 0.3.1 4.00 91.00 95.00 NOTE

Check Details

Version: 0.3.1
Check: LazyData
Result: NOTE 'LazyData' is specified without a 'data' directory Flavors: r-patched-linux-x86_64, r-release-linux-x86_64, r-release-macos-arm64, r-release-macos-x86_64, r-release-windows-x86_64, r-oldrel-macos-arm64, r-oldrel-macos-x86_64, r-oldrel-windows-x86_64

These binaries (installable software) and packages are in development.
They may not be fully stable and should be used with caution. We make no claims about them.