Last updated on 2025-05-01 22:49:56 CEST.
Flavor | Version | Tinstall | Tcheck | Ttotal | Status | Flags |
---|---|---|---|---|---|---|
r-devel-linux-x86_64-debian-clang | 0.1.1 | 1.72 | 70.36 | 72.08 | OK | |
r-devel-linux-x86_64-debian-gcc | 0.1.1 | 1.39 | 54.07 | 55.46 | NOTE | |
r-devel-linux-x86_64-fedora-clang | 0.1.1 | 112.40 | OK | |||
r-devel-linux-x86_64-fedora-gcc | 0.1.1 | 123.70 | OK | |||
r-devel-windows-x86_64 | 0.1.1 | 3.00 | 86.00 | 89.00 | OK | |
r-patched-linux-x86_64 | 0.1.1 | 1.78 | 69.33 | 71.11 | OK | |
r-release-linux-x86_64 | OK | |||||
r-release-macos-arm64 | 0.1.1 | 56.00 | OK | |||
r-release-macos-x86_64 | 0.1.1 | 90.00 | OK | |||
r-release-windows-x86_64 | 0.1.1 | 4.00 | 90.00 | 94.00 | OK | |
r-oldrel-macos-arm64 | 0.1.1 | 52.00 | OK | |||
r-oldrel-macos-x86_64 | 0.1.1 | 66.00 | OK | |||
r-oldrel-windows-x86_64 | 0.1.1 | 3.00 | 91.00 | 94.00 | OK |
Version: 0.1.1
Check: examples
Result: NOTE
Examples with CPU time > 2.5 times elapsed time
user system elapsed ratio
slowrake 2.749 0.134 1.078 2.674
Flavor: r-devel-linux-x86_64-debian-gcc
These binaries (installable software) and packages are in development.
They may not be fully stable and should be used with caution. We make no claims about them.