Last updated on 2025-10-23 23:49:45 CEST.
| Flavor | Version | Tinstall | Tcheck | Ttotal | Status | Flags |
|---|---|---|---|---|---|---|
| r-devel-linux-x86_64-debian-clang | 2.6.4 | 3.52 | 87.15 | 90.67 | NOTE | |
| r-devel-linux-x86_64-debian-gcc | 2.6.4 | 2.25 | 68.90 | 71.15 | OK | |
| r-devel-linux-x86_64-fedora-clang | 2.6.4 | 17.00 | 132.23 | 149.23 | OK | |
| r-devel-linux-x86_64-fedora-gcc | 2.6.4 | 153.61 | OK | |||
| r-devel-windows-x86_64 | 2.6.4 | 6.00 | 121.00 | 127.00 | OK | |
| r-patched-linux-x86_64 | 2.6.4 | 4.43 | 84.77 | 89.20 | OK | |
| r-release-linux-x86_64 | 2.6.4 | 3.19 | 86.41 | 89.60 | OK | |
| r-release-macos-arm64 | 2.6.4 | 2.00 | 85.00 | 87.00 | OK | |
| r-release-macos-x86_64 | 2.6.4 | 4.00 | 102.00 | 106.00 | OK | |
| r-release-windows-x86_64 | 2.6.4 | 6.00 | 124.00 | 130.00 | OK | |
| r-oldrel-macos-arm64 | 2.6.4 | 2.00 | 51.00 | 53.00 | OK | |
| r-oldrel-macos-x86_64 | 2.6.4 | 6.00 | 105.00 | 111.00 | OK | |
| r-oldrel-windows-x86_64 | 2.6.4 | 9.00 | 134.00 | 143.00 | OK |
Version: 2.6.4
Check: HTML version of manual
Result: NOTE
Found the following HTML validation problems:
arg_check_alternative.html:46:1 (arg_check_alternative.Rd:10): Warning: missing </ul> before </div>
Flavor: r-devel-linux-x86_64-debian-clang
These binaries (installable software) and packages are in development.
They may not be fully stable and should be used with caution. We make no claims about them.