CRAN Package Check Results for Package smallarea

Last updated on 2025-10-04 11:50:49 CEST.

Flavor Version Tinstall Tcheck Ttotal Status Flags
r-devel-linux-x86_64-debian-clang 0.1 2.25 29.42 31.67 NOTE
r-devel-linux-x86_64-debian-gcc 0.1 1.74 24.27 26.01 NOTE
r-devel-linux-x86_64-fedora-clang 0.1 45.02 OK
r-devel-linux-x86_64-fedora-gcc 0.1 57.72 OK
r-devel-windows-x86_64 0.1 3.00 70.00 73.00 OK
r-patched-linux-x86_64 0.1 2.32 27.94 30.26 OK
r-release-linux-x86_64 0.1 1.96 27.78 29.74 OK
r-release-macos-arm64 0.1 35.00 OK
r-release-macos-x86_64 0.1 45.00 OK
r-release-windows-x86_64 0.1 4.00 63.00 67.00 OK
r-oldrel-macos-arm64 0.1 24.00 OK
r-oldrel-macos-x86_64 0.1 52.00 OK
r-oldrel-windows-x86_64 0.1 4.00 61.00 65.00 OK

Check Details

Version: 0.1
Check: CRAN incoming feasibility
Result: NOTE Maintainer: ‘Abhishek Nandy <nandy006@umn.edu>’ No Authors@R field in DESCRIPTION. Please add one, modifying Authors@R: person(given = "Abhishek", family = "Nandy", role = c("aut", "cre"), email = "nandy006@umn.edu") as necessary. Flavors: r-devel-linux-x86_64-debian-clang, r-devel-linux-x86_64-debian-gcc

These binaries (installable software) and packages are in development.
They may not be fully stable and should be used with caution. We make no claims about them.