CRAN Package Check Results for Package smallsets

Last updated on 2025-05-08 04:52:19 CEST.

Flavor Version Tinstall Tcheck Ttotal Status Flags
r-devel-linux-x86_64-debian-clang 2.0.0 8.05 144.79 152.84 OK
r-devel-linux-x86_64-debian-gcc 2.0.0 5.42 94.26 99.68 OK
r-devel-linux-x86_64-fedora-clang 2.0.0 231.42 OK
r-devel-linux-x86_64-fedora-gcc 2.0.0 241.08 OK
r-devel-windows-x86_64 2.0.0 11.00 129.00 140.00 OK
r-patched-linux-x86_64 2.0.0 7.50 133.08 140.58 OK
r-release-linux-x86_64 2.0.0 8.57 130.43 139.00 OK
r-release-macos-arm64 2.0.0 70.00 OK
r-release-macos-x86_64 2.0.0 136.00 OK
r-release-windows-x86_64 2.0.0 11.00 129.00 140.00 OK
r-oldrel-macos-arm64 2.0.0 60.00 NOTE
r-oldrel-macos-x86_64 2.0.0 96.00 NOTE
r-oldrel-windows-x86_64 2.0.0 14.00 170.00 184.00 NOTE

Check Details

Version: 2.0.0
Check: package dependencies
Result: NOTE Package suggested but not available for checking: ‘gurobi’ Flavors: r-oldrel-macos-arm64, r-oldrel-macos-x86_64, r-oldrel-windows-x86_64

These binaries (installable software) and packages are in development.
They may not be fully stable and should be used with caution. We make no claims about them.