Last updated on 2025-10-03 13:49:48 CEST.
Flavor | Version | Tinstall | Tcheck | Ttotal | Status | Flags |
---|---|---|---|---|---|---|
r-devel-linux-x86_64-debian-clang | 2.0.0 | 9.04 | 153.58 | 162.62 | OK | |
r-devel-linux-x86_64-debian-gcc | 2.0.0 | 6.16 | 105.47 | 111.63 | OK | |
r-devel-linux-x86_64-fedora-clang | 2.0.0 | 271.64 | OK | |||
r-devel-linux-x86_64-fedora-gcc | 2.0.0 | 282.84 | OK | |||
r-devel-windows-x86_64 | 2.0.0 | 14.00 | 140.00 | 154.00 | OK | |
r-patched-linux-x86_64 | 2.0.0 | 8.65 | 146.70 | 155.35 | OK | |
r-release-linux-x86_64 | 2.0.0 | 7.83 | 145.62 | 153.45 | OK | |
r-release-macos-arm64 | 2.0.0 | 70.00 | OK | |||
r-release-macos-x86_64 | 2.0.0 | 136.00 | OK | |||
r-release-windows-x86_64 | 2.0.0 | 14.00 | 139.00 | 153.00 | OK | |
r-oldrel-macos-arm64 | 2.0.0 | 60.00 | NOTE | |||
r-oldrel-macos-x86_64 | 2.0.0 | 96.00 | NOTE | |||
r-oldrel-windows-x86_64 | 2.0.0 | 16.00 | 182.00 | 198.00 | NOTE |
Version: 2.0.0
Check: package dependencies
Result: NOTE
Package suggested but not available for checking: ‘gurobi’
Flavors: r-oldrel-macos-arm64, r-oldrel-macos-x86_64, r-oldrel-windows-x86_64
These binaries (installable software) and packages are in development.
They may not be fully stable and should be used with caution. We make no claims about them.