Last updated on 2025-02-16 08:51:01 CET.
Flavor | Version | Tinstall | Tcheck | Ttotal | Status | Flags |
---|---|---|---|---|---|---|
r-devel-linux-x86_64-debian-clang | 2.0.0 | 7.96 | 130.44 | 138.40 | OK | |
r-devel-linux-x86_64-debian-gcc | 2.0.0 | 5.50 | 92.11 | 97.61 | OK | |
r-devel-linux-x86_64-fedora-clang | 2.0.0 | 232.07 | OK | |||
r-devel-linux-x86_64-fedora-gcc | 2.0.0 | 226.54 | OK | |||
r-devel-macos-arm64 | 2.0.0 | 62.00 | OK | |||
r-devel-macos-x86_64 | 2.0.0 | 136.00 | OK | |||
r-devel-windows-x86_64 | 2.0.0 | 12.00 | 125.00 | 137.00 | OK | |
r-patched-linux-x86_64 | 2.0.0 | 7.24 | 125.08 | 132.32 | NOTE | |
r-release-linux-x86_64 | 2.0.0 | 7.40 | 120.32 | 127.72 | NOTE | |
r-release-macos-arm64 | 2.0.0 | 60.00 | NOTE | |||
r-release-macos-x86_64 | 2.0.0 | 96.00 | NOTE | |||
r-release-windows-x86_64 | 2.0.0 | 12.00 | 135.00 | 147.00 | NOTE | |
r-oldrel-macos-arm64 | 2.0.0 | 76.00 | NOTE | |||
r-oldrel-macos-x86_64 | 2.0.0 | 152.00 | NOTE | |||
r-oldrel-windows-x86_64 | 2.0.0 | 13.00 | 174.00 | 187.00 | NOTE |
Version: 2.0.0
Check: package dependencies
Result: NOTE
Package suggested but not available for checking: ‘gurobi’
Flavors: r-patched-linux-x86_64, r-release-linux-x86_64, r-release-macos-arm64, r-release-macos-x86_64, r-release-windows-x86_64, r-oldrel-macos-arm64, r-oldrel-macos-x86_64, r-oldrel-windows-x86_64
These binaries (installable software) and packages are in development.
They may not be fully stable and should be used with caution. We make no claims about them.