Last updated on 2025-11-12 12:53:23 CET.
| Flavor | Version | Tinstall | Tcheck | Ttotal | Status | Flags |
|---|---|---|---|---|---|---|
| r-devel-linux-x86_64-debian-clang | 0.7.2 | 59.17 | 51.24 | 110.41 | OK | |
| r-devel-linux-x86_64-debian-gcc | 0.7.2 | 42.95 | 37.64 | 80.59 | OK | |
| r-devel-linux-x86_64-fedora-clang | 0.7.2 | 123.00 | 60.41 | 183.41 | OK | |
| r-devel-linux-x86_64-fedora-gcc | 0.7.2 | 209.00 | 15.25 | 224.25 | OK | |
| r-devel-windows-x86_64 | 0.7.2 | 78.00 | 94.00 | 172.00 | OK | |
| r-patched-linux-x86_64 | 0.7.2 | 64.62 | 47.85 | 112.47 | OK | |
| r-release-linux-x86_64 | 0.7.2 | 62.07 | 47.80 | 109.87 | OK | |
| r-release-macos-arm64 | 0.7.2 | 25.00 | 36.00 | 61.00 | OK | |
| r-release-macos-x86_64 | 0.7.2 | 24.00 | 59.00 | 83.00 | OK | |
| r-release-windows-x86_64 | 0.7.2 | 75.00 | 90.00 | 165.00 | OK | |
| r-oldrel-macos-arm64 | 0.7.2 | 12.00 | 24.00 | 36.00 | NOTE | |
| r-oldrel-macos-x86_64 | 0.7.2 | 11.00 | 43.00 | 54.00 | NOTE | |
| r-oldrel-windows-x86_64 | 0.7.2 | 87.00 | 115.00 | 202.00 | NOTE |
Version: 0.7.2
Check: installed package size
Result: NOTE
installed size is 7.0Mb
sub-directories of 1Mb or more:
libs 6.2Mb
Flavors: r-oldrel-macos-arm64, r-oldrel-macos-x86_64
Version: 0.7.2
Check: for GNU extensions in Makefiles
Result: NOTE
GNU make is a SystemRequirements.
Flavors: r-oldrel-macos-arm64, r-oldrel-macos-x86_64, r-oldrel-windows-x86_64
These binaries (installable software) and packages are in development.
They may not be fully stable and should be used with caution. We make no claims about them.