Last updated on 2025-02-16 08:51:01 CET.
Flavor | Version | Tinstall | Tcheck | Ttotal | Status | Flags |
---|---|---|---|---|---|---|
r-devel-linux-x86_64-debian-clang | 0.1.1 | 3.82 | 40.72 | 44.54 | NOTE | |
r-devel-linux-x86_64-debian-gcc | 0.1.1 | 3.24 | 31.93 | 35.17 | NOTE | |
r-devel-linux-x86_64-fedora-clang | 0.1.1 | 70.90 | NOTE | |||
r-devel-linux-x86_64-fedora-gcc | 0.1.1 | 66.43 | NOTE | |||
r-devel-macos-arm64 | 0.1.1 | 24.00 | NOTE | |||
r-devel-macos-x86_64 | 0.1.1 | 46.00 | NOTE | |||
r-devel-windows-x86_64 | 0.1.1 | 7.00 | 58.00 | 65.00 | NOTE | |
r-patched-linux-x86_64 | 0.1.1 | 4.36 | 36.71 | 41.07 | NOTE | |
r-release-linux-x86_64 | 0.1.1 | 3.81 | 37.67 | 41.48 | NOTE | |
r-release-macos-arm64 | 0.1.1 | 23.00 | NOTE | |||
r-release-macos-x86_64 | 0.1.1 | 37.00 | NOTE | |||
r-release-windows-x86_64 | 0.1.1 | 6.00 | 55.00 | 61.00 | NOTE | |
r-oldrel-macos-arm64 | 0.1.1 | 30.00 | NOTE | |||
r-oldrel-macos-x86_64 | 0.1.1 | 43.00 | NOTE | |||
r-oldrel-windows-x86_64 | 0.1.1 | 7.00 | 86.00 | 93.00 | NOTE |
Version: 0.1.1
Check: package subdirectories
Result: NOTE
Problems with news in ‘NEWS.md’:
No news entries found.
Flavors: r-devel-linux-x86_64-debian-clang, r-devel-linux-x86_64-debian-gcc, r-devel-linux-x86_64-fedora-clang, r-devel-linux-x86_64-fedora-gcc, r-devel-macos-arm64, r-devel-macos-x86_64, r-devel-windows-x86_64, r-patched-linux-x86_64, r-release-linux-x86_64, r-release-macos-arm64, r-release-macos-x86_64, r-release-windows-x86_64, r-oldrel-macos-arm64, r-oldrel-macos-x86_64, r-oldrel-windows-x86_64
Version: 0.1.1
Check: LazyData
Result: NOTE
'LazyData' is specified without a 'data' directory
Flavors: r-patched-linux-x86_64, r-release-linux-x86_64, r-release-macos-arm64, r-release-macos-x86_64, r-release-windows-x86_64, r-oldrel-macos-arm64, r-oldrel-macos-x86_64, r-oldrel-windows-x86_64
These binaries (installable software) and packages are in development.
They may not be fully stable and should be used with caution. We make no claims about them.