Last updated on 2025-11-16 03:50:12 CET.
| Flavor | Version | Tinstall | Tcheck | Ttotal | Status | Flags |
|---|---|---|---|---|---|---|
| r-devel-linux-x86_64-debian-clang | 1.0.3 | 1.90 | 123.66 | 125.56 | OK | |
| r-devel-linux-x86_64-debian-gcc | 1.0.3 | 1.41 | 77.04 | 78.45 | OK | |
| r-devel-linux-x86_64-fedora-clang | 1.0.3 | 214.58 | OK | |||
| r-devel-linux-x86_64-fedora-gcc | 1.0.3 | 10.00 | 235.61 | 245.61 | OK | |
| r-devel-windows-x86_64 | 1.0.3 | 4.00 | 116.00 | 120.00 | OK | |
| r-patched-linux-x86_64 | 1.0.3 | 1.69 | 115.52 | 117.21 | OK | |
| r-release-linux-x86_64 | 1.0.3 | 1.81 | 114.90 | 116.71 | OK | |
| r-release-macos-arm64 | 1.0.3 | 1.00 | 59.00 | 60.00 | OK | |
| r-release-macos-x86_64 | 1.0.3 | 2.00 | 132.00 | 134.00 | OK | |
| r-release-windows-x86_64 | 1.0.3 | 3.00 | 116.00 | 119.00 | OK | |
| r-oldrel-macos-arm64 | 1.0.3 | 1.00 | 54.00 | 55.00 | NOTE | |
| r-oldrel-macos-x86_64 | 1.0.3 | 2.00 | 86.00 | 88.00 | NOTE | |
| r-oldrel-windows-x86_64 | 1.0.3 | 4.00 | 139.00 | 143.00 | NOTE |
Version: 1.0.3
Check: LazyData
Result: NOTE
'LazyData' is specified without a 'data' directory
Flavors: r-oldrel-macos-arm64, r-oldrel-macos-x86_64, r-oldrel-windows-x86_64
These binaries (installable software) and packages are in development.
They may not be fully stable and should be used with caution. We make no claims about them.