Last updated on 2025-07-02 01:51:51 CEST.
Flavor | Version | Tinstall | Tcheck | Ttotal | Status | Flags |
---|---|---|---|---|---|---|
r-devel-linux-x86_64-debian-clang | 0.9 | 12.28 | 122.82 | 135.10 | NOTE | |
r-devel-linux-x86_64-debian-gcc | 0.9 | 10.32 | 94.24 | 104.56 | NOTE | |
r-devel-linux-x86_64-fedora-clang | 0.9 | 220.44 | OK | |||
r-devel-linux-x86_64-fedora-gcc | 0.9 | 199.24 | OK | |||
r-devel-windows-x86_64 | 0.9 | 13.00 | 109.00 | 122.00 | OK | |
r-patched-linux-x86_64 | OK | |||||
r-release-linux-x86_64 | 0.9 | 13.18 | 118.73 | 131.91 | OK | |
r-release-macos-arm64 | 0.9 | 145.00 | OK | |||
r-release-macos-x86_64 | 0.9 | 176.00 | OK | |||
r-release-windows-x86_64 | 0.9 | 12.00 | 119.00 | 131.00 | OK | |
r-oldrel-macos-arm64 | 0.9 | 96.00 | OK | |||
r-oldrel-macos-x86_64 | 0.9 | 100.00 | OK | |||
r-oldrel-windows-x86_64 | 0.9 | 15.00 | 143.00 | 158.00 | OK |
Version: 0.9
Check: CRAN incoming feasibility
Result: NOTE
Maintainer: ‘Herman Jopia <hjopia@gmail.com>’
No Authors@R field in DESCRIPTION.
Please add one, modifying
Authors@R: person(given = "Herman",
family = "Jopia",
role = c("aut", "cre"),
email = "hjopia@gmail.com")
as necessary.
Flavors: r-devel-linux-x86_64-debian-clang, r-devel-linux-x86_64-debian-gcc
These binaries (installable software) and packages are in development.
They may not be fully stable and should be used with caution. We make no claims about them.