CRAN Package Check Results for Package smcryptoR

Last updated on 2025-05-02 04:49:48 CEST.

Flavor Version Tinstall Tcheck Ttotal Status Flags
r-devel-linux-x86_64-debian-clang 0.1.2 40.54 23.71 64.25 WARN
r-devel-linux-x86_64-debian-gcc 0.1.2 33.18 19.08 52.26 WARN
r-devel-linux-x86_64-fedora-clang 0.1.2 108.76 WARN
r-devel-linux-x86_64-fedora-gcc 0.1.2 116.69 WARN
r-devel-windows-x86_64 0.1.2 53.00 63.00 116.00 OK
r-patched-linux-x86_64 0.1.2 41.57 23.17 64.74 WARN
r-release-linux-x86_64 WARN
r-release-macos-arm64 0.1.2 50.00 OK
r-release-macos-x86_64 0.1.2 85.00 OK
r-release-windows-x86_64 0.1.2 56.00 72.00 128.00 OK
r-oldrel-macos-arm64 0.1.2 40.00 NOTE
r-oldrel-macos-x86_64 0.1.2 58.00 NOTE
r-oldrel-windows-x86_64 0.1.2 45.00 76.00 121.00 OK

Check Details

Version: 0.1.2
Check: compiled code
Result: WARN File ‘smcryptoR/libs/smcryptoR.so’: Found ‘_exit’, possibly from ‘_exit’ (C) Object: ‘smcrypto/target/release/libsmcrypto.a’ Found ‘abort’, possibly from ‘abort’ (C) Object: ‘smcrypto/target/release/libsmcrypto.a’ Found ‘exit’, possibly from ‘exit’ (C) Object: ‘smcrypto/target/release/libsmcrypto.a’ Compiled code should not call entry points which might terminate R nor write to stdout/stderr instead of to the console, nor use Fortran I/O nor system RNGs nor [v]sprintf. See ‘Writing portable packages’ in the ‘Writing R Extensions’ manual. Flavors: r-devel-linux-x86_64-debian-clang, r-devel-linux-x86_64-debian-gcc, r-devel-linux-x86_64-fedora-clang, r-devel-linux-x86_64-fedora-gcc, r-patched-linux-x86_64, r-release-linux-x86_64

Version: 0.1.2
Check: installed package size
Result: NOTE installed size is 7.2Mb sub-directories of 1Mb or more: libs 7.0Mb Flavors: r-oldrel-macos-arm64, r-oldrel-macos-x86_64

These binaries (installable software) and packages are in development.
They may not be fully stable and should be used with caution. We make no claims about them.