Last updated on 2025-02-16 08:51:01 CET.
Flavor | Version | Tinstall | Tcheck | Ttotal | Status | Flags |
---|---|---|---|---|---|---|
r-devel-linux-x86_64-debian-clang | 0.1.2 | 40.63 | 23.34 | 63.97 | OK | |
r-devel-linux-x86_64-debian-gcc | 0.1.2 | 32.63 | 19.66 | 52.29 | OK | |
r-devel-linux-x86_64-fedora-clang | 0.1.2 | 89.55 | OK | |||
r-devel-linux-x86_64-fedora-gcc | 0.1.2 | 100.63 | OK | |||
r-devel-macos-arm64 | 0.1.2 | 40.00 | OK | |||
r-devel-macos-x86_64 | 0.1.2 | 63.00 | OK | |||
r-devel-windows-x86_64 | 0.1.2 | 49.00 | 60.00 | 109.00 | OK | |
r-patched-linux-x86_64 | 0.1.2 | 41.69 | 21.82 | 63.51 | OK | |
r-release-linux-x86_64 | 0.1.2 | 40.92 | 22.50 | 63.42 | OK | |
r-release-macos-arm64 | 0.1.2 | 40.00 | NOTE | |||
r-release-macos-x86_64 | 0.1.2 | 58.00 | NOTE | |||
r-release-windows-x86_64 | 0.1.2 | 57.00 | 76.00 | 133.00 | OK | |
r-oldrel-macos-arm64 | 0.1.2 | 50.00 | NOTE | |||
r-oldrel-macos-x86_64 | 0.1.2 | 95.00 | NOTE | |||
r-oldrel-windows-x86_64 | 0.1.2 | 52.00 | 92.00 | 144.00 | OK |
Version: 0.1.2
Check: installed package size
Result: NOTE
installed size is 7.2Mb
sub-directories of 1Mb or more:
libs 7.0Mb
Flavors: r-release-macos-arm64, r-release-macos-x86_64, r-oldrel-macos-arm64, r-oldrel-macos-x86_64
These binaries (installable software) and packages are in development.
They may not be fully stable and should be used with caution. We make no claims about them.