Last updated on 2025-05-01 22:49:56 CEST.
Flavor | Version | Tinstall | Tcheck | Ttotal | Status | Flags |
---|---|---|---|---|---|---|
r-devel-linux-x86_64-debian-clang | 2.1 | 6.73 | 53.86 | 60.59 | NOTE | |
r-devel-linux-x86_64-debian-gcc | 2.1 | 5.08 | 40.58 | 45.66 | NOTE | |
r-devel-linux-x86_64-fedora-clang | 2.1 | 95.19 | OK | |||
r-devel-linux-x86_64-fedora-gcc | 2.1 | 90.18 | OK | |||
r-devel-windows-x86_64 | 2.1 | 7.00 | 71.00 | 78.00 | OK | |
r-patched-linux-x86_64 | 2.1 | 4.95 | 50.40 | 55.35 | OK | |
r-release-linux-x86_64 | OK | |||||
r-release-macos-arm64 | 2.1 | 34.00 | OK | |||
r-release-macos-x86_64 | 2.1 | 49.00 | OK | |||
r-release-windows-x86_64 | 2.1 | 7.00 | 74.00 | 81.00 | OK | |
r-oldrel-macos-arm64 | 2.1 | 31.00 | OK | |||
r-oldrel-macos-x86_64 | 2.1 | 42.00 | OK | |||
r-oldrel-windows-x86_64 | 2.1 | 9.00 | 76.00 | 85.00 | OK |
Version: 2.1
Check: CRAN incoming feasibility
Result: NOTE
Maintainer: ‘Chao Cai <caic@email.sc.edu>’
No Authors@R field in DESCRIPTION.
Please add one, modifying
Authors@R: c(person(given = "Chao",
family = "Cai",
role = c("aut", "cre"),
email = "caic@email.sc.edu"),
person(given = "Yubo",
family = "Zou",
role = "aut"),
person(given = "Yingwei",
family = "Peng",
role = "aut"),
person(given = "Jiajia",
family = "Zhang",
role = "aut"))
as necessary.
Flavors: r-devel-linux-x86_64-debian-clang, r-devel-linux-x86_64-debian-gcc
These binaries (installable software) and packages are in development.
They may not be fully stable and should be used with caution. We make no claims about them.