Last updated on 2025-11-11 19:51:52 CET.
| Flavor | Version | Tinstall | Tcheck | Ttotal | Status | Flags |
|---|---|---|---|---|---|---|
| r-devel-linux-x86_64-debian-clang | 1.2 | 1.37 | 24.13 | 25.50 | NOTE | |
| r-devel-linux-x86_64-debian-gcc | 1.2 | 1.21 | 19.27 | 20.48 | NOTE | |
| r-devel-linux-x86_64-fedora-clang | 1.2 | 37.38 | NOTE | |||
| r-devel-linux-x86_64-fedora-gcc | 1.2 | 11.00 | 27.09 | 38.09 | NOTE | |
| r-devel-windows-x86_64 | 1.2 | 6.00 | 43.00 | 49.00 | NOTE | |
| r-patched-linux-x86_64 | 1.2 | 1.84 | 22.86 | 24.70 | NOTE | |
| r-release-linux-x86_64 | 1.2 | 1.36 | 22.45 | 23.81 | NOTE | |
| r-release-macos-arm64 | 1.2 | 1.00 | 18.00 | 19.00 | NOTE | |
| r-release-macos-x86_64 | 1.2 | 2.00 | 35.00 | 37.00 | NOTE | |
| r-release-windows-x86_64 | 1.2 | 2.00 | 42.00 | 44.00 | NOTE | |
| r-oldrel-macos-arm64 | 1.2 | 1.00 | 17.00 | 18.00 | NOTE | |
| r-oldrel-macos-x86_64 | 1.2 | 2.00 | 22.00 | 24.00 | NOTE | |
| r-oldrel-windows-x86_64 | 1.2 | 2.00 | 45.00 | 47.00 | NOTE |
Version: 1.2
Check: CRAN incoming feasibility
Result: NOTE
Maintainer: ‘Ed Merkle <merklee@missouri.edu>’
No Authors@R field in DESCRIPTION.
Please add one, modifying
Authors@R: c(person(given = "Ed",
family = "Merkle",
role = c("aut", "cre"),
email = "merklee@missouri.edu"),
person(given = "Michael",
family = "Smithson",
role = "aut"))
as necessary.
Flavors: r-devel-linux-x86_64-debian-clang, r-devel-linux-x86_64-debian-gcc
Version: 1.2
Check: Rd files
Result: NOTE
checkRd: (-1) trlong.Rd:17: Lost braces
17 | \item{\code{resp}}{a factor indicating the transport mode choice, and \code{B} denotes taking the bus, code{D} denotes driving one's own vehicle, \code{F} denotes getting a ride with a friend, \code{O} denotes other, and \code{W} denotes walking}
| ^
Flavors: r-devel-linux-x86_64-debian-clang, r-devel-linux-x86_64-debian-gcc, r-devel-linux-x86_64-fedora-clang, r-devel-linux-x86_64-fedora-gcc, r-devel-windows-x86_64, r-patched-linux-x86_64, r-release-linux-x86_64, r-release-macos-arm64, r-release-macos-x86_64, r-release-windows-x86_64, r-oldrel-macos-arm64, r-oldrel-macos-x86_64, r-oldrel-windows-x86_64
These binaries (installable software) and packages are in development.
They may not be fully stable and should be used with caution. We make no claims about them.