CRAN Package Check Results for Package smerc

Last updated on 2025-10-23 17:51:03 CEST.

Flavor Version Tinstall Tcheck Ttotal Status Flags
r-devel-linux-x86_64-debian-clang 1.8.4 30.64 304.13 334.77 NOTE
r-devel-linux-x86_64-debian-gcc 1.8.4 22.66 184.45 207.11 OK
r-devel-linux-x86_64-fedora-clang 1.8.4 197.00 398.41 595.41 OK
r-devel-linux-x86_64-fedora-gcc 1.8.4 56.00 515.25 571.25 OK
r-devel-windows-x86_64 1.8.4 34.00 340.00 374.00 OK
r-patched-linux-x86_64 1.8.4 35.46 288.96 324.42 OK
r-release-linux-x86_64 1.8.4 32.38 290.02 322.40 OK
r-release-macos-arm64 1.8.4 14.00 157.00 171.00 OK
r-release-macos-x86_64 1.8.4 17.00 269.00 286.00 OK
r-release-windows-x86_64 1.8.4 36.00 333.00 369.00 OK
r-oldrel-macos-arm64 1.8.4 14.00 139.00 153.00 OK
r-oldrel-macos-x86_64 1.8.4 16.00 234.00 250.00 OK
r-oldrel-windows-x86_64 1.8.4 39.00 330.00 369.00 OK

Check Details

Version: 1.8.4
Check: HTML version of manual
Result: NOTE Found the following HTML validation problems: print.smerc_similarity_test.html:56:1 (print.smerc_similarity_test.Rd:14): Warning: missing </ul> before </div> Flavor: r-devel-linux-x86_64-debian-clang

These binaries (installable software) and packages are in development.
They may not be fully stable and should be used with caution. We make no claims about them.