CRAN Package Check Results for Package smicd

Last updated on 2025-07-23 21:51:59 CEST.

Flavor Version Tinstall Tcheck Ttotal Status Flags
r-devel-linux-x86_64-debian-clang 1.1.5 15.73 116.05 131.78 NOTE
r-devel-linux-x86_64-debian-gcc 1.1.5 11.09 86.98 98.07 NOTE
r-devel-linux-x86_64-fedora-clang 1.1.5 226.58 OK
r-devel-linux-x86_64-fedora-gcc 1.1.5 207.66 OK
r-devel-windows-x86_64 1.1.5 16.00 113.00 129.00 OK
r-patched-linux-x86_64 1.1.5 13.42 110.53 123.95 OK
r-release-linux-x86_64 1.1.5 15.34 106.46 121.80 OK
r-release-macos-arm64 1.1.5 55.00 OK
r-release-macos-x86_64 1.1.5 119.00 OK
r-release-windows-x86_64 1.1.5 16.00 114.00 130.00 OK
r-oldrel-macos-arm64 1.1.5 42.00 OK
r-oldrel-macos-x86_64 1.1.5 66.00 OK
r-oldrel-windows-x86_64 1.1.5 22.00 143.00 165.00 OK

Check Details

Version: 1.1.5
Check: CRAN incoming feasibility
Result: NOTE Maintainer: ‘Paul Walter <paul.w@gmx.net>’ No Authors@R field in DESCRIPTION. Please add one, modifying Authors@R: person(given = "Paul", family = "Walter", role = c("aut", "cre"), email = "paul.w@gmx.net") as necessary. Flavors: r-devel-linux-x86_64-debian-clang, r-devel-linux-x86_64-debian-gcc

These binaries (installable software) and packages are in development.
They may not be fully stable and should be used with caution. We make no claims about them.