Last updated on 2025-10-23 23:49:45 CEST.
| Flavor | Version | Tinstall | Tcheck | Ttotal | Status | Flags |
|---|---|---|---|---|---|---|
| r-devel-linux-x86_64-debian-clang | 1.1.0 | 29.36 | 146.33 | 175.69 | NOTE | |
| r-devel-linux-x86_64-debian-gcc | 1.1.0 | 19.82 | 112.38 | 132.20 | OK | |
| r-devel-linux-x86_64-fedora-clang | 1.1.0 | 165.00 | 142.32 | 307.32 | OK | |
| r-devel-linux-x86_64-fedora-gcc | 1.1.0 | 62.00 | 234.12 | 296.12 | OK | |
| r-devel-windows-x86_64 | 1.1.0 | 36.00 | 187.00 | 223.00 | OK | |
| r-patched-linux-x86_64 | 1.1.0 | 31.13 | 144.29 | 175.42 | OK | |
| r-release-linux-x86_64 | 1.1.0 | 31.30 | 142.40 | 173.70 | OK | |
| r-release-macos-arm64 | 1.1.0 | 14.00 | 71.00 | 85.00 | OK | |
| r-release-macos-x86_64 | 1.1.0 | 28.00 | 139.00 | 167.00 | OK | |
| r-release-windows-x86_64 | 1.1.0 | 38.00 | 166.00 | 204.00 | OK | |
| r-oldrel-macos-arm64 | 1.1.0 | 21.00 | 167.00 | 188.00 | NOTE | |
| r-oldrel-macos-x86_64 | 1.1.0 | 22.00 | 140.00 | 162.00 | NOTE | |
| r-oldrel-windows-x86_64 | 1.1.0 | 45.00 | 203.00 | 248.00 | NOTE |
Version: 1.1.0
Check: HTML version of manual
Result: NOTE
Found the following HTML validation problems:
aggregate_aux.html:78:1 (aggregate_aux.Rd:30): Warning: missing </ul> before </div>
aux_mat.html:92:1 (aux_mat.Rd:42): Warning: missing </ul> before </div>
crossdist.html:50:1 (crossdist.Rd:12): Warning: missing </ul> before </div>
distmat.html:47:1 (distmat.Rd:10): Warning: missing </ul> before </div>
Flavor: r-devel-linux-x86_64-debian-clang
Version: 1.1.0
Check: installed package size
Result: NOTE
installed size is 6.5Mb
sub-directories of 1Mb or more:
data 3.3Mb
libs 2.3Mb
Flavors: r-oldrel-macos-arm64, r-oldrel-macos-x86_64, r-oldrel-windows-x86_64
These binaries (installable software) and packages are in development.
They may not be fully stable and should be used with caution. We make no claims about them.