Last updated on 2025-07-11 09:50:19 CEST.
Flavor | Version | Tinstall | Tcheck | Ttotal | Status | Flags |
---|---|---|---|---|---|---|
r-devel-linux-x86_64-debian-clang | 1.0.5 | 37.76 | 130.38 | 168.14 | OK | |
r-devel-linux-x86_64-debian-gcc | 1.0.5 | 27.99 | 95.31 | 123.30 | OK | |
r-devel-linux-x86_64-fedora-clang | 1.0.5 | 278.39 | OK | |||
r-devel-linux-x86_64-fedora-gcc | 1.0.5 | 279.78 | OK | |||
r-devel-windows-x86_64 | 1.0.5 | 44.00 | 160.00 | 204.00 | OK | |
r-patched-linux-x86_64 | 1.0.5 | 37.59 | 124.62 | 162.21 | OK | |
r-release-linux-x86_64 | 1.0.5 | 38.10 | 124.91 | 163.01 | OK | |
r-release-macos-arm64 | 1.0.5 | 105.00 | OK | |||
r-release-macos-x86_64 | 1.0.5 | 169.00 | OK | |||
r-release-windows-x86_64 | 1.0.5 | 47.00 | 170.00 | 217.00 | OK | |
r-oldrel-macos-arm64 | 1.0.5 | 86.00 | NOTE | |||
r-oldrel-macos-x86_64 | 1.0.5 | 228.00 | NOTE | |||
r-oldrel-windows-x86_64 | 1.0.5 | 55.00 | 207.00 | 262.00 | NOTE |
Version: 1.0.5
Check: installed package size
Result: NOTE
installed size is 6.5Mb
sub-directories of 1Mb or more:
data 3.3Mb
libs 2.2Mb
Flavors: r-oldrel-macos-arm64, r-oldrel-macos-x86_64, r-oldrel-windows-x86_64
These binaries (installable software) and packages are in development.
They may not be fully stable and should be used with caution. We make no claims about them.