Last updated on 2025-11-13 17:50:49 CET.
| Flavor | Version | Tinstall | Tcheck | Ttotal | Status | Flags |
|---|---|---|---|---|---|---|
| r-devel-linux-x86_64-debian-clang | 1.1.0 | 30.15 | 127.83 | 157.98 | OK | |
| r-devel-linux-x86_64-debian-gcc | 1.1.0 | 20.82 | 95.93 | 116.75 | OK | |
| r-devel-linux-x86_64-fedora-clang | 1.1.0 | 65.00 | 222.56 | 287.56 | OK | |
| r-devel-linux-x86_64-fedora-gcc | 1.1.0 | 146.00 | 137.80 | 283.80 | OK | |
| r-devel-windows-x86_64 | 1.1.0 | 37.00 | 163.00 | 200.00 | OK | |
| r-patched-linux-x86_64 | 1.1.0 | 30.09 | 123.42 | 153.51 | OK | |
| r-release-linux-x86_64 | 1.1.0 | 27.71 | 124.57 | 152.28 | OK | |
| r-release-macos-arm64 | 1.1.0 | 14.00 | 71.00 | 85.00 | OK | |
| r-release-macos-x86_64 | 1.1.0 | 28.00 | 139.00 | 167.00 | OK | |
| r-release-windows-x86_64 | 1.1.0 | 38.00 | 161.00 | 199.00 | OK | |
| r-oldrel-macos-arm64 | 1.1.0 | 21.00 | 167.00 | 188.00 | NOTE | |
| r-oldrel-macos-x86_64 | 1.1.0 | 22.00 | 140.00 | 162.00 | NOTE | |
| r-oldrel-windows-x86_64 | 1.1.0 | 46.00 | 205.00 | 251.00 | NOTE |
Version: 1.1.0
Check: installed package size
Result: NOTE
installed size is 6.5Mb
sub-directories of 1Mb or more:
data 3.3Mb
libs 2.3Mb
Flavors: r-oldrel-macos-arm64, r-oldrel-macos-x86_64, r-oldrel-windows-x86_64
These binaries (installable software) and packages are in development.
They may not be fully stable and should be used with caution. We make no claims about them.