Last updated on 2025-02-16 08:51:01 CET.
Flavor | Version | Tinstall | Tcheck | Ttotal | Status | Flags |
---|---|---|---|---|---|---|
r-devel-linux-x86_64-debian-clang | 1.0.5 | 38.12 | 126.84 | 164.96 | OK | |
r-devel-linux-x86_64-debian-gcc | 1.0.5 | 28.07 | 92.20 | 120.27 | OK | |
r-devel-linux-x86_64-fedora-clang | 1.0.5 | 279.20 | OK | |||
r-devel-linux-x86_64-fedora-gcc | 1.0.5 | 288.31 | OK | |||
r-devel-macos-arm64 | 1.0.5 | 80.00 | OK | |||
r-devel-macos-x86_64 | 1.0.5 | 145.00 | OK | |||
r-devel-windows-x86_64 | 1.0.5 | 44.00 | 170.00 | 214.00 | OK | |
r-patched-linux-x86_64 | 1.0.5 | 41.42 | 119.63 | 161.05 | OK | |
r-release-linux-x86_64 | 1.0.5 | 36.60 | 120.91 | 157.51 | OK | |
r-release-macos-arm64 | 1.0.5 | 86.00 | NOTE | |||
r-release-macos-x86_64 | 1.0.5 | 228.00 | NOTE | |||
r-release-windows-x86_64 | 1.0.5 | 42.00 | 161.00 | 203.00 | NOTE | |
r-oldrel-macos-arm64 | 1.0.5 | 101.00 | NOTE | |||
r-oldrel-macos-x86_64 | 1.0.5 | 189.00 | NOTE | |||
r-oldrel-windows-x86_64 | 1.0.5 | 50.00 | 194.00 | 244.00 | NOTE |
Version: 1.0.5
Check: installed package size
Result: NOTE
installed size is 6.5Mb
sub-directories of 1Mb or more:
data 3.3Mb
libs 2.2Mb
Flavors: r-release-macos-arm64, r-release-macos-x86_64, r-release-windows-x86_64, r-oldrel-macos-arm64, r-oldrel-macos-x86_64, r-oldrel-windows-x86_64
These binaries (installable software) and packages are in development.
They may not be fully stable and should be used with caution. We make no claims about them.