Last updated on 2025-07-25 13:50:34 CEST.
Flavor | Version | Tinstall | Tcheck | Ttotal | Status | Flags |
---|---|---|---|---|---|---|
r-devel-linux-x86_64-debian-clang | 2.0.1 | 4.33 | 29.08 | 33.41 | NOTE | |
r-devel-linux-x86_64-debian-gcc | 2.0.1 | 3.41 | 23.25 | 26.66 | NOTE | |
r-devel-linux-x86_64-fedora-clang | 2.0.1 | 51.72 | OK | |||
r-devel-linux-x86_64-fedora-gcc | 2.0.1 | 51.04 | OK | |||
r-devel-windows-x86_64 | 2.0.1 | 6.00 | 65.00 | 71.00 | OK | |
r-patched-linux-x86_64 | 2.0.1 | 4.83 | 26.79 | 31.62 | OK | |
r-release-linux-x86_64 | 2.0.1 | 2.81 | 26.64 | 29.45 | OK | |
r-release-macos-arm64 | 2.0.1 | 23.00 | OK | |||
r-release-macos-x86_64 | 2.0.1 | 33.00 | OK | |||
r-release-windows-x86_64 | 2.0.1 | 7.00 | 67.00 | 74.00 | OK | |
r-oldrel-macos-arm64 | 2.0.1 | 23.00 | OK | |||
r-oldrel-macos-x86_64 | 2.0.1 | 28.00 | OK | |||
r-oldrel-windows-x86_64 | 2.0.1 | 9.00 | 62.00 | 71.00 | OK |
Version: 2.0.1
Check: CRAN incoming feasibility
Result: NOTE
Maintainer: ‘Qingan Sun <quinsun@gmail.com>’
No Authors@R field in DESCRIPTION.
Please add one, modifying
Authors@R: c(person(given = "Qingan",
family = "Sun",
role = c("aut", "cre"),
email = "quinsun@gmail.com"),
person(given = "Xiaojun",
family = "Li",
role = "aut"),
person(given = c("James", "C"),
family = "Sacchettini",
role = "aut"))
as necessary.
Flavors: r-devel-linux-x86_64-debian-clang, r-devel-linux-x86_64-debian-gcc
These binaries (installable software) and packages are in development.
They may not be fully stable and should be used with caution. We make no claims about them.