Last updated on 2025-02-16 08:51:01 CET.
Flavor | Version | Tinstall | Tcheck | Ttotal | Status | Flags |
---|---|---|---|---|---|---|
r-devel-linux-x86_64-debian-clang | 1.6.0.3 | 67.56 | 87.48 | 155.04 | NOTE | |
r-devel-linux-x86_64-debian-gcc | 1.6.0.3 | 46.96 | 59.25 | 106.21 | NOTE | |
r-devel-linux-x86_64-fedora-clang | 1.6.0.3 | 285.26 | NOTE | |||
r-devel-linux-x86_64-fedora-gcc | 1.6.0.3 | 282.46 | NOTE | |||
r-devel-macos-arm64 | 1.6.0.3 | 67.00 | NOTE | |||
r-devel-macos-x86_64 | 1.6.0.3 | 107.00 | NOTE | |||
r-devel-windows-x86_64 | 1.6.0.3 | 78.00 | 136.00 | 214.00 | NOTE | |
r-patched-linux-x86_64 | 1.6.0.3 | 68.49 | 81.15 | 149.64 | NOTE | |
r-release-linux-x86_64 | 1.6.0.3 | 65.22 | 81.93 | 147.15 | NOTE | |
r-release-macos-arm64 | 1.6.0.3 | 66.00 | NOTE | |||
r-release-macos-x86_64 | 1.6.0.3 | 94.00 | NOTE | |||
r-release-windows-x86_64 | 1.6.0.3 | 81.00 | 137.00 | 218.00 | NOTE | |
r-oldrel-macos-arm64 | 1.6.0.3 | 74.00 | OK | |||
r-oldrel-macos-x86_64 | 1.6.0.3 | 126.00 | OK | |||
r-oldrel-windows-x86_64 | 1.6.0.3 | 94.00 | 166.00 | 260.00 | OK |
Version: 1.6.0.3
Check: Rd files
Result: NOTE
checkRd: (-1) getGlobalOptimum.Rd:16: Lost braces in \itemize; \value handles \item{}{} directly
checkRd: (-1) getGlobalOptimum.Rd:17: Lost braces in \itemize; \value handles \item{}{} directly
checkRd: (-1) getGlobalOptimum.Rd:18: Lost braces in \itemize; \value handles \item{}{} directly
checkRd: (-1) getLocalOptimum.Rd:16: Lost braces in \itemize; \value handles \item{}{} directly
checkRd: (-1) getLocalOptimum.Rd:17: Lost braces in \itemize; \value handles \item{}{} directly
checkRd: (-1) getLocalOptimum.Rd:18: Lost braces in \itemize; \value handles \item{}{} directly
checkRd: (-1) smoof_function.Rd:10: Lost braces
10 | or code{smoof_multi_objective_function}. Both single- and multi-objective functions share the following attributes.
| ^
Flavors: r-devel-linux-x86_64-debian-clang, r-devel-linux-x86_64-debian-gcc, r-devel-linux-x86_64-fedora-clang, r-devel-linux-x86_64-fedora-gcc, r-devel-macos-arm64, r-devel-macos-x86_64, r-devel-windows-x86_64, r-patched-linux-x86_64, r-release-linux-x86_64, r-release-macos-arm64, r-release-macos-x86_64, r-release-windows-x86_64
These binaries (installable software) and packages are in development.
They may not be fully stable and should be used with caution. We make no claims about them.