Last updated on 2025-11-11 15:50:48 CET.
| Flavor | Version | Tinstall | Tcheck | Ttotal | Status | Flags |
|---|---|---|---|---|---|---|
| r-devel-linux-x86_64-debian-clang | 4.3.1 | 164.69 | 358.79 | 523.48 | OK | |
| r-devel-linux-x86_64-debian-gcc | 4.3.1 | 122.51 | 241.97 | 364.48 | OK | |
| r-devel-linux-x86_64-fedora-clang | 4.3.1 | 291.00 | 583.79 | 874.79 | OK | |
| r-devel-linux-x86_64-fedora-gcc | 4.3.1 | 518.00 | 410.47 | 928.47 | OK | |
| r-devel-windows-x86_64 | 4.3.1 | 188.00 | 180.00 | 368.00 | OK | --no-vignettes |
| r-patched-linux-x86_64 | 4.3.1 | 184.32 | 350.00 | 534.32 | OK | |
| r-release-linux-x86_64 | 4.3.1 | 184.27 | 348.28 | 532.55 | OK | |
| r-release-macos-arm64 | 4.3.1 | 66.00 | 133.00 | 199.00 | OK | |
| r-release-macos-x86_64 | 4.3.1 | 149.00 | 507.00 | 656.00 | OK | |
| r-release-windows-x86_64 | 4.3.1 | 186.00 | 194.00 | 380.00 | OK | --no-vignettes |
| r-oldrel-macos-arm64 | 4.3.1 | 63.00 | 139.00 | 202.00 | NOTE | |
| r-oldrel-macos-x86_64 | 4.3.1 | 191.00 | 686.00 | 877.00 | NOTE | |
| r-oldrel-windows-x86_64 | 4.3.1 | 230.00 | 236.00 | 466.00 | NOTE | --no-vignettes |
Version: 4.3.1
Check: installed package size
Result: NOTE
installed size is 17.5Mb
sub-directories of 1Mb or more:
R 2.0Mb
doc 3.5Mb
libs 11.6Mb
Flavors: r-oldrel-macos-arm64, r-oldrel-macos-x86_64
Version: 4.3.1
Flags: --no-vignettes
Check: package dependencies
Result: NOTE
Package suggested but not available for checking: 'doMC'
Flavor: r-oldrel-windows-x86_64
Version: 4.3.1
Flags: --no-vignettes
Check: installed package size
Result: NOTE
installed size is 6.9Mb
sub-directories of 1Mb or more:
R 1.4Mb
doc 3.5Mb
libs 1.7Mb
Flavor: r-oldrel-windows-x86_64
These binaries (installable software) and packages are in development.
They may not be fully stable and should be used with caution. We make no claims about them.