Last updated on 2025-11-12 12:53:23 CET.
| Flavor | Version | Tinstall | Tcheck | Ttotal | Status | Flags |
|---|---|---|---|---|---|---|
| r-devel-linux-x86_64-debian-clang | 0.0.17 | 119.78 | 124.94 | 244.72 | OK | |
| r-devel-linux-x86_64-debian-gcc | 0.0.17 | 84.47 | 86.58 | 171.05 | OK | |
| r-devel-linux-x86_64-fedora-clang | 0.0.17 | 660.00 | -207.26 | 452.74 | OK | |
| r-devel-linux-x86_64-fedora-gcc | 0.0.17 | 351.00 | 97.30 | 448.30 | OK | |
| r-devel-windows-x86_64 | 0.0.17 | 146.00 | 163.00 | 309.00 | OK | |
| r-patched-linux-x86_64 | 0.0.17 | 126.23 | 117.60 | 243.83 | OK | |
| r-release-linux-x86_64 | 0.0.17 | 128.47 | 116.36 | 244.83 | OK | |
| r-release-macos-arm64 | 0.0.17 | 45.00 | 58.00 | 103.00 | OK | |
| r-release-macos-x86_64 | 0.0.17 | 95.00 | 196.00 | 291.00 | OK | |
| r-release-windows-x86_64 | 0.0.17 | 146.00 | 163.00 | 309.00 | OK | |
| r-oldrel-macos-arm64 | 0.0.17 | 42.00 | 62.00 | 104.00 | NOTE | |
| r-oldrel-macos-x86_64 | 0.0.17 | 90.00 | 224.00 | 314.00 | NOTE | |
| r-oldrel-windows-x86_64 | 0.0.17 | 170.00 | 207.00 | 377.00 | OK |
Version: 0.0.17
Check: installed package size
Result: NOTE
installed size is 12.4Mb
sub-directories of 1Mb or more:
libs 11.7Mb
Flavors: r-oldrel-macos-arm64, r-oldrel-macos-x86_64
These binaries (installable software) and packages are in development.
They may not be fully stable and should be used with caution. We make no claims about them.