Last updated on 2025-02-19 17:51:05 CET.
Flavor | Version | Tinstall | Tcheck | Ttotal | Status | Flags |
---|---|---|---|---|---|---|
r-devel-linux-x86_64-debian-clang | 1.3 | 1.83 | 21.58 | 23.41 | NOTE | |
r-devel-linux-x86_64-debian-gcc | 1.3 | 1.62 | 17.41 | 19.03 | NOTE | |
r-devel-linux-x86_64-fedora-clang | 1.3 | 37.09 | OK | |||
r-devel-linux-x86_64-fedora-gcc | 1.3 | 36.43 | OK | |||
r-devel-macos-arm64 | 1.3 | 16.00 | OK | |||
r-devel-macos-x86_64 | 1.3 | 25.00 | OK | |||
r-devel-windows-x86_64 | 1.3 | 4.00 | 49.00 | 53.00 | NOTE | |
r-patched-linux-x86_64 | 1.3 | 3.04 | 21.07 | 24.11 | OK | |
r-release-linux-x86_64 | 1.3 | 1.92 | 20.89 | 22.81 | OK | |
r-release-macos-arm64 | 1.3 | 20.00 | OK | |||
r-release-macos-x86_64 | 1.3 | 29.00 | OK | |||
r-release-windows-x86_64 | 1.3 | 3.00 | 42.00 | 45.00 | OK | |
r-oldrel-macos-arm64 | 1.3 | 23.00 | OK | |||
r-oldrel-macos-x86_64 | 1.3 | 35.00 | OK | |||
r-oldrel-windows-x86_64 | 1.3 | 4.00 | 62.00 | 66.00 | OK |
Version: 1.3
Check: Rd cross-references
Result: NOTE
Found the following Rd file(s) with Rd \link{} targets missing package
anchors:
smoother.Rd: TTR
Please provide package anchors for all Rd \link{} targets not in the
package itself and the base packages.
Flavors: r-devel-linux-x86_64-debian-clang, r-devel-linux-x86_64-debian-gcc, r-devel-windows-x86_64
These binaries (installable software) and packages are in development.
They may not be fully stable and should be used with caution. We make no claims about them.