Last updated on 2025-10-24 05:50:57 CEST.
| Flavor | Version | Tinstall | Tcheck | Ttotal | Status | Flags |
|---|---|---|---|---|---|---|
| r-devel-linux-x86_64-debian-clang | 1.3 | 1.79 | 23.67 | 25.46 | NOTE | |
| r-devel-linux-x86_64-debian-gcc | 1.3 | 1.66 | 19.19 | 20.85 | NOTE | |
| r-devel-linux-x86_64-fedora-clang | 1.3 | 39.48 | OK | |||
| r-devel-linux-x86_64-fedora-gcc | 1.3 | 36.50 | OK | |||
| r-devel-windows-x86_64 | 1.3 | 3.00 | 43.00 | 46.00 | NOTE | |
| r-patched-linux-x86_64 | 1.3 | 1.82 | 22.75 | 24.57 | NOTE | |
| r-release-linux-x86_64 | 1.3 | 1.99 | 22.63 | 24.62 | NOTE | |
| r-release-macos-arm64 | 1.3 | 1.00 | 16.00 | 17.00 | OK | |
| r-release-macos-x86_64 | 1.3 | 3.00 | 28.00 | 31.00 | OK | |
| r-release-windows-x86_64 | 1.3 | 3.00 | 44.00 | 47.00 | NOTE | |
| r-oldrel-macos-arm64 | 1.3 | 1.00 | 19.00 | 20.00 | OK | |
| r-oldrel-macos-x86_64 | 1.3 | 3.00 | 26.00 | 29.00 | OK | |
| r-oldrel-windows-x86_64 | 1.3 | 4.00 | 48.00 | 52.00 | OK |
Version: 1.3
Check: CRAN incoming feasibility
Result: NOTE
Maintainer: ‘Nicholas Hamilton <n.hamilton@unsw.edu.au>’
No Authors@R field in DESCRIPTION.
Please add one, modifying
Authors@R: person(given = "Nicholas",
family = "Hamilton",
role = c("aut", "cre"),
email = "n.hamilton@unsw.edu.au")
as necessary.
Flavors: r-devel-linux-x86_64-debian-clang, r-devel-linux-x86_64-debian-gcc
Version: 1.3
Check: Rd cross-references
Result: NOTE
Found the following Rd file(s) with Rd \link{} targets missing package
anchors:
smoother.Rd: TTR
Please provide package anchors for all Rd \link{} targets not in the
package itself and the base packages.
Flavors: r-devel-linux-x86_64-debian-clang, r-devel-linux-x86_64-debian-gcc, r-devel-windows-x86_64, r-patched-linux-x86_64, r-release-linux-x86_64, r-release-windows-x86_64
These binaries (installable software) and packages are in development.
They may not be fully stable and should be used with caution. We make no claims about them.