CRAN Package Check Results for Package sms

Last updated on 2025-05-01 14:49:23 CEST.

Flavor Version Tinstall Tcheck Ttotal Status Flags
r-devel-linux-x86_64-debian-clang 2.3.1 1.78 24.07 25.85 NOTE
r-devel-linux-x86_64-debian-gcc 2.3.1 1.22 19.31 20.53 NOTE
r-devel-linux-x86_64-fedora-clang 2.3.1 39.99 OK
r-devel-linux-x86_64-fedora-gcc 2.3.1 39.91 OK
r-devel-windows-x86_64 2.3.1 3.00 55.00 58.00 OK
r-patched-linux-x86_64 2.3.1 2.45 23.27 25.72 OK
r-release-linux-x86_64 OK
r-release-macos-arm64 2.3.1 24.00 OK
r-release-macos-x86_64 2.3.1 28.00 OK
r-release-windows-x86_64 2.3.1 4.00 61.00 65.00 OK
r-oldrel-macos-arm64 2.3.1 18.00 OK
r-oldrel-macos-x86_64 2.3.1 27.00 OK
r-oldrel-windows-x86_64 2.3.1 4.00 53.00 57.00 OK

Check Details

Version: 2.3.1
Check: CRAN incoming feasibility
Result: NOTE Maintainer: ‘Dimitris Kavroudakis <dimitris123@gmail.com>’ No Authors@R field in DESCRIPTION. Please add one, modifying Authors@R: person(given = "Dimitris", family = "Kavroudakis", role = c("aut", "cre"), email = "dimitris123@gmail.com") as necessary. Flavors: r-devel-linux-x86_64-debian-clang, r-devel-linux-x86_64-debian-gcc

These binaries (installable software) and packages are in development.
They may not be fully stable and should be used with caution. We make no claims about them.