CRAN Package Check Results for Package sms

Last updated on 2025-10-23 11:50:28 CEST.

Flavor Version Tinstall Tcheck Ttotal Status Flags
r-devel-linux-x86_64-debian-clang 2.3.1 2.20 26.14 28.34 NOTE
r-devel-linux-x86_64-debian-gcc 2.3.1 1.71 21.41 23.12 NOTE
r-devel-linux-x86_64-fedora-clang 2.3.1 10.00 35.05 45.05 OK
r-devel-linux-x86_64-fedora-gcc 2.3.1 38.91 OK
r-devel-windows-x86_64 2.3.1 3.00 49.00 52.00 OK
r-patched-linux-x86_64 2.3.1 2.19 24.43 26.62 OK
r-release-linux-x86_64 2.3.1 2.13 24.82 26.95 OK
r-release-macos-arm64 2.3.1 1.00 23.00 24.00 OK
r-release-macos-x86_64 2.3.1 2.00 26.00 28.00 OK
r-release-windows-x86_64 2.3.1 3.00 51.00 54.00 OK
r-oldrel-macos-arm64 2.3.1 1.00 17.00 18.00 OK
r-oldrel-macos-x86_64 2.3.1 2.00 25.00 27.00 OK
r-oldrel-windows-x86_64 2.3.1 5.00 54.00 59.00 OK

Check Details

Version: 2.3.1
Check: CRAN incoming feasibility
Result: NOTE Maintainer: ‘Dimitris Kavroudakis <dimitris123@gmail.com>’ No Authors@R field in DESCRIPTION. Please add one, modifying Authors@R: person(given = "Dimitris", family = "Kavroudakis", role = c("aut", "cre"), email = "dimitris123@gmail.com") as necessary. Flavors: r-devel-linux-x86_64-debian-clang, r-devel-linux-x86_64-debian-gcc

These binaries (installable software) and packages are in development.
They may not be fully stable and should be used with caution. We make no claims about them.