CRAN Package Check Results for Package sn

Last updated on 2025-07-05 01:49:34 CEST.

Flavor Version Tinstall Tcheck Ttotal Status Flags
r-devel-linux-x86_64-debian-clang 2.1.1 19.19 133.28 152.47 NOTE
r-devel-linux-x86_64-debian-gcc 2.1.1 11.57 81.99 93.56 NOTE
r-devel-linux-x86_64-fedora-clang 2.1.1 244.05 NOTE
r-devel-linux-x86_64-fedora-gcc 2.1.1 239.33 NOTE
r-devel-windows-x86_64 2.1.1 19.00 144.00 163.00 NOTE
r-patched-linux-x86_64 2.1.1 20.04 124.19 144.23 NOTE
r-release-linux-x86_64 2.1.1 17.82 123.97 141.79 NOTE
r-release-macos-arm64 2.1.1 81.00 NOTE
r-release-macos-x86_64 2.1.1 162.00 NOTE
r-release-windows-x86_64 2.1.1 20.00 145.00 165.00 NOTE
r-oldrel-macos-arm64 2.1.1 63.00 NOTE
r-oldrel-macos-x86_64 2.1.1 125.00 NOTE
r-oldrel-windows-x86_64 2.1.1 27.00 183.00 210.00 NOTE

Check Details

Version: 2.1.1
Check: Rd files
Result: NOTE checkRd: (-1) plot.selm.Rd:101: Lost braces 101 | data. Default value for code{which} is \code{2:4} if \code{p>1}, otherwise | ^ Flavors: r-devel-linux-x86_64-debian-clang, r-devel-linux-x86_64-debian-gcc, r-devel-linux-x86_64-fedora-clang, r-devel-linux-x86_64-fedora-gcc, r-devel-windows-x86_64, r-patched-linux-x86_64, r-release-linux-x86_64, r-release-macos-arm64, r-release-macos-x86_64, r-release-windows-x86_64, r-oldrel-macos-arm64, r-oldrel-macos-x86_64, r-oldrel-windows-x86_64

These binaries (installable software) and packages are in development.
They may not be fully stable and should be used with caution. We make no claims about them.