Last updated on 2025-05-01 14:49:23 CEST.
Flavor | Version | Tinstall | Tcheck | Ttotal | Status | Flags |
---|---|---|---|---|---|---|
r-devel-linux-x86_64-debian-clang | 2.1.1 | 18.11 | 134.60 | 152.71 | NOTE | |
r-devel-linux-x86_64-debian-gcc | 2.1.1 | 12.50 | 82.18 | 94.68 | NOTE | |
r-devel-linux-x86_64-fedora-clang | 2.1.1 | 242.48 | NOTE | |||
r-devel-linux-x86_64-fedora-gcc | 2.1.1 | 243.89 | NOTE | |||
r-devel-windows-x86_64 | 2.1.1 | 19.00 | 153.00 | 172.00 | NOTE | |
r-patched-linux-x86_64 | 2.1.1 | 20.87 | 124.77 | 145.64 | NOTE | |
r-release-linux-x86_64 | NOTE | |||||
r-release-macos-arm64 | 2.1.1 | 81.00 | NOTE | |||
r-release-macos-x86_64 | 2.1.1 | 162.00 | NOTE | |||
r-release-windows-x86_64 | 2.1.1 | 19.00 | 158.00 | 177.00 | NOTE | |
r-oldrel-macos-arm64 | 2.1.1 | 63.00 | NOTE | |||
r-oldrel-macos-x86_64 | 2.1.1 | 125.00 | NOTE | |||
r-oldrel-windows-x86_64 | 2.1.1 | 25.00 | 181.00 | 206.00 | NOTE |
Version: 2.1.1
Check: Rd files
Result: NOTE
checkRd: (-1) plot.selm.Rd:101: Lost braces
101 | data. Default value for code{which} is \code{2:4} if \code{p>1}, otherwise
| ^
Flavors: r-devel-linux-x86_64-debian-clang, r-devel-linux-x86_64-debian-gcc, r-devel-linux-x86_64-fedora-clang, r-devel-linux-x86_64-fedora-gcc, r-devel-windows-x86_64, r-patched-linux-x86_64, r-release-linux-x86_64, r-release-macos-arm64, r-release-macos-x86_64, r-release-windows-x86_64, r-oldrel-macos-arm64, r-oldrel-macos-x86_64, r-oldrel-windows-x86_64
Version: 2.1.1
Check: examples
Result: NOTE
Examples with CPU (user + system) or elapsed time > 5s
user system elapsed
SUNdistr-class 8.335 0.012 10.117
profile.selm 6.236 0.019 7.350
Flavor: r-devel-linux-x86_64-debian-clang
These binaries (installable software) and packages are in development.
They may not be fully stable and should be used with caution. We make no claims about them.