Last updated on 2025-11-12 12:53:23 CET.
| Flavor | Version | Tinstall | Tcheck | Ttotal | Status | Flags |
|---|---|---|---|---|---|---|
| r-devel-linux-x86_64-debian-clang | 2.1.1 | 17.54 | 134.63 | 152.17 | NOTE | |
| r-devel-linux-x86_64-debian-gcc | 2.1.1 | 11.99 | 81.71 | 93.70 | NOTE | |
| r-devel-linux-x86_64-fedora-clang | 2.1.1 | 37.00 | 199.83 | 236.83 | NOTE | |
| r-devel-linux-x86_64-fedora-gcc | 2.1.1 | 66.00 | 185.86 | 251.86 | NOTE | |
| r-devel-windows-x86_64 | 2.1.1 | 19.00 | 144.00 | 163.00 | NOTE | |
| r-patched-linux-x86_64 | 2.1.1 | 19.01 | 127.03 | 146.04 | NOTE | |
| r-release-linux-x86_64 | 2.1.1 | 17.03 | 127.83 | 144.86 | NOTE | |
| r-release-macos-arm64 | 2.1.1 | 8.00 | 73.00 | 81.00 | NOTE | |
| r-release-macos-x86_64 | 2.1.1 | 28.00 | 134.00 | 162.00 | NOTE | |
| r-release-windows-x86_64 | 2.1.1 | 18.00 | 141.00 | 159.00 | NOTE | |
| r-oldrel-macos-arm64 | 2.1.1 | 7.00 | 56.00 | 63.00 | NOTE | |
| r-oldrel-macos-x86_64 | 2.1.1 | 18.00 | 107.00 | 125.00 | NOTE | |
| r-oldrel-windows-x86_64 | 2.1.1 | 26.00 | 182.00 | 208.00 | NOTE |
Version: 2.1.1
Check: Rd files
Result: NOTE
checkRd: (-1) plot.selm.Rd:101: Lost braces
101 | data. Default value for code{which} is \code{2:4} if \code{p>1}, otherwise
| ^
Flavors: r-devel-linux-x86_64-debian-clang, r-devel-linux-x86_64-debian-gcc, r-devel-linux-x86_64-fedora-clang, r-devel-linux-x86_64-fedora-gcc, r-devel-windows-x86_64, r-patched-linux-x86_64, r-release-linux-x86_64, r-release-macos-arm64, r-release-macos-x86_64, r-release-windows-x86_64, r-oldrel-macos-arm64, r-oldrel-macos-x86_64, r-oldrel-windows-x86_64
These binaries (installable software) and packages are in development.
They may not be fully stable and should be used with caution. We make no claims about them.