CRAN Package Check Results for Package snQTL

Last updated on 2025-05-01 14:49:23 CEST.

Flavor Version Tinstall Tcheck Ttotal Status Flags
r-devel-linux-x86_64-debian-gcc 0.2 2.56 28.27 30.83 OK
r-devel-linux-x86_64-fedora-clang 0.2 70.39 NOTE
r-devel-linux-x86_64-fedora-gcc 0.2 67.21 NOTE
r-devel-windows-x86_64 0.2 7.00 74.00 81.00 OK
r-patched-linux-x86_64 0.2 4.45 37.07 41.52 OK
r-release-linux-x86_64 OK
r-release-macos-arm64 0.2 23.00 OK
r-release-macos-x86_64 0.2 40.00 OK
r-release-windows-x86_64 0.2 8.00 78.00 86.00 OK
r-oldrel-macos-arm64 0.2 28.00 OK
r-oldrel-macos-x86_64 0.2 54.00 OK

Check Details

Version: 0.2
Check: examples
Result: NA user system elapsed snQTL_test_corrnet 7.59 0.181 9.702 OK Flavor: r-devel-linux-x86_64-debian-gcc

Version: 0.2
Check: dependencies in R code
Result: NOTE Namespace in Imports field not imported from: ‘MASS’ All declared Imports should be used. Flavors: r-devel-linux-x86_64-fedora-clang, r-devel-linux-x86_64-fedora-gcc

These binaries (installable software) and packages are in development.
They may not be fully stable and should be used with caution. We make no claims about them.