Last updated on 2025-05-01 14:49:23 CEST.
Flavor | Version | Tinstall | Tcheck | Ttotal | Status | Flags |
---|---|---|---|---|---|---|
r-devel-linux-x86_64-debian-clang | 1.1.0 | 11.19 | 88.00 | 99.19 | NOTE | |
r-devel-linux-x86_64-debian-gcc | 1.1.0 | 8.42 | 64.33 | 72.75 | NOTE | |
r-devel-linux-x86_64-fedora-clang | 1.1.0 | 145.87 | OK | |||
r-devel-linux-x86_64-fedora-gcc | 1.1.0 | 138.45 | OK | |||
r-devel-windows-x86_64 | 1.1.0 | 14.00 | 96.00 | 110.00 | OK | |
r-patched-linux-x86_64 | 1.1.0 | 10.02 | 84.08 | 94.10 | OK | |
r-release-linux-x86_64 | OK | |||||
r-release-macos-arm64 | 1.1.0 | 40.00 | OK | |||
r-release-macos-x86_64 | 1.1.0 | 80.00 | OK | |||
r-release-windows-x86_64 | 1.1.0 | 15.00 | 98.00 | 113.00 | OK | |
r-oldrel-macos-arm64 | 1.1.0 | 39.00 | OK | |||
r-oldrel-macos-x86_64 | 1.1.0 | 62.00 | OK | |||
r-oldrel-windows-x86_64 | 1.1.0 | 15.00 | 112.00 | 127.00 | OK |
Version: 1.1.0
Check: CRAN incoming feasibility
Result: NOTE
Maintainer: ‘Giancarlo Vercellino <giancarlo.vercellino@gmail.com>’
No Authors@R field in DESCRIPTION.
Please add one, modifying
Authors@R: person(given = "Giancarlo",
family = "Vercellino",
role = c("aut", "cre"),
email = "giancarlo.vercellino@gmail.com")
as necessary.
Flavors: r-devel-linux-x86_64-debian-clang, r-devel-linux-x86_64-debian-gcc
These binaries (installable software) and packages are in development.
They may not be fully stable and should be used with caution. We make no claims about them.