Last updated on 2025-07-26 01:51:05 CEST.
Flavor | Version | Tinstall | Tcheck | Ttotal | Status | Flags |
---|---|---|---|---|---|---|
r-devel-linux-x86_64-debian-clang | 1.1.0 | 11.67 | 88.68 | 100.35 | NOTE | |
r-devel-linux-x86_64-debian-gcc | 1.1.0 | 7.35 | 64.42 | 71.77 | NOTE | |
r-devel-linux-x86_64-fedora-clang | 1.1.0 | 156.01 | OK | |||
r-devel-linux-x86_64-fedora-gcc | 1.1.0 | 144.71 | OK | |||
r-devel-windows-x86_64 | 1.1.0 | 13.00 | 97.00 | 110.00 | OK | |
r-patched-linux-x86_64 | 1.1.0 | 9.72 | 82.08 | 91.80 | OK | |
r-release-linux-x86_64 | 1.1.0 | 11.41 | 82.89 | 94.30 | OK | |
r-release-macos-arm64 | 1.1.0 | 40.00 | OK | |||
r-release-macos-x86_64 | 1.1.0 | 80.00 | OK | |||
r-release-windows-x86_64 | 1.1.0 | 14.00 | 96.00 | 110.00 | OK | |
r-oldrel-macos-arm64 | 1.1.0 | 39.00 | OK | |||
r-oldrel-macos-x86_64 | 1.1.0 | 62.00 | OK | |||
r-oldrel-windows-x86_64 | 1.1.0 | 15.00 | 110.00 | 125.00 | OK |
Version: 1.1.0
Check: CRAN incoming feasibility
Result: NOTE
Maintainer: ‘Giancarlo Vercellino <giancarlo.vercellino@gmail.com>’
No Authors@R field in DESCRIPTION.
Please add one, modifying
Authors@R: person(given = "Giancarlo",
family = "Vercellino",
role = c("aut", "cre"),
email = "giancarlo.vercellino@gmail.com")
as necessary.
Flavors: r-devel-linux-x86_64-debian-clang, r-devel-linux-x86_64-debian-gcc
These binaries (installable software) and packages are in development.
They may not be fully stable and should be used with caution. We make no claims about them.