Last updated on 2025-05-01 17:56:17 CEST.
Flavor | Version | Tinstall | Tcheck | Ttotal | Status | Flags |
---|---|---|---|---|---|---|
r-devel-linux-x86_64-debian-clang | 0.1.1 | 1.85 | 18.31 | 20.16 | NOTE | |
r-devel-linux-x86_64-debian-gcc | 0.1.1 | 1.45 | 14.80 | 16.25 | NOTE | |
r-devel-linux-x86_64-fedora-clang | 0.1.1 | 30.96 | OK | |||
r-devel-linux-x86_64-fedora-gcc | 0.1.1 | 29.19 | OK | |||
r-devel-windows-x86_64 | 0.1.1 | 2.00 | 42.00 | 44.00 | OK | |
r-patched-linux-x86_64 | 0.1.1 | 1.73 | 17.13 | 18.86 | OK | |
r-release-linux-x86_64 | OK | |||||
r-release-macos-arm64 | 0.1.1 | 15.00 | OK | |||
r-release-macos-x86_64 | 0.1.1 | 22.00 | OK | |||
r-release-windows-x86_64 | 0.1.1 | 2.00 | 45.00 | 47.00 | OK | |
r-oldrel-macos-arm64 | 0.1.1 | 14.00 | NOTE | |||
r-oldrel-macos-x86_64 | 0.1.1 | 21.00 | NOTE | |||
r-oldrel-windows-x86_64 | 0.1.1 | 3.00 | 40.00 | 43.00 | NOTE |
Version: 0.1.1
Check: CRAN incoming feasibility
Result: NOTE
Maintainer: ‘Takayuki Kawashima <kawashima@c.titech.ac.jp>’
No Authors@R field in DESCRIPTION.
Please add one, modifying
Authors@R: c(person(given = "Toshihiro",
family = "Abe",
role = "aut",
email = "abetosh@ss.nanzan-u.ac.jp"),
person(given = "Hironori",
family = "Fujisawa",
role = "aut",
email = "fujisawa@ism.ac.jp"),
person(given = "Takayuki",
family = "Kawashima",
role = c("aut", "cre"),
email = "kawashima@c.titech.ac.jp"))
as necessary.
Flavors: r-devel-linux-x86_64-debian-clang, r-devel-linux-x86_64-debian-gcc
Version: 0.1.1
Check: LazyData
Result: NOTE
'LazyData' is specified without a 'data' directory
Flavors: r-oldrel-macos-arm64, r-oldrel-macos-x86_64, r-oldrel-windows-x86_64
These binaries (installable software) and packages are in development.
They may not be fully stable and should be used with caution. We make no claims about them.