Last updated on 2025-05-08 04:52:19 CEST.
Flavor | Version | Tinstall | Tcheck | Ttotal | Status | Flags |
---|---|---|---|---|---|---|
r-devel-linux-x86_64-debian-clang | 0.0.1 | 2.60 | 35.57 | 38.17 | OK | |
r-devel-linux-x86_64-debian-gcc | 0.0.1 | 1.55 | 26.38 | 27.93 | OK | |
r-devel-linux-x86_64-fedora-clang | 0.0.1 | 63.28 | NOTE | |||
r-devel-linux-x86_64-fedora-gcc | 0.0.1 | 57.94 | NOTE | |||
r-devel-windows-x86_64 | 0.0.1 | 4.00 | 55.00 | 59.00 | OK | |
r-patched-linux-x86_64 | 0.0.1 | 2.05 | 33.22 | 35.27 | OK | |
r-release-linux-x86_64 | 0.0.1 | 2.20 | 34.63 | 36.83 | OK | |
r-release-macos-arm64 | 0.0.1 | 21.00 | OK | |||
r-release-macos-x86_64 | 0.0.1 | 36.00 | OK | |||
r-release-windows-x86_64 | 0.0.1 | 4.00 | 58.00 | 62.00 | OK | |
r-oldrel-macos-arm64 | 0.0.1 | 21.00 | OK | |||
r-oldrel-macos-x86_64 | 0.0.1 | 33.00 | OK | |||
r-oldrel-windows-x86_64 | 0.0.1 | 6.00 | 66.00 | 72.00 | OK |
Version: 0.0.1
Check: dependencies in R code
Result: NOTE
Namespaces in Imports field not imported from:
‘Rdpack’ ‘ggplot2’
All declared Imports should be used.
Flavors: r-devel-linux-x86_64-fedora-clang, r-devel-linux-x86_64-fedora-gcc
These binaries (installable software) and packages are in development.
They may not be fully stable and should be used with caution. We make no claims about them.