CRAN Package Check Results for Package snn

Last updated on 2025-11-11 15:50:48 CET.

Flavor Version Tinstall Tcheck Ttotal Status Flags
r-devel-linux-x86_64-debian-clang 1.1 1.90 25.51 27.41 NOTE
r-devel-linux-x86_64-debian-gcc 1.1 1.59 19.45 21.04 NOTE
r-devel-linux-x86_64-fedora-clang 1.1 41.30 OK
r-devel-linux-x86_64-fedora-gcc 1.1 42.32 OK
r-devel-windows-x86_64 1.1 3.00 44.00 47.00 OK
r-patched-linux-x86_64 1.1 2.31 24.06 26.37 OK
r-release-linux-x86_64 1.1 1.97 23.72 25.69 OK
r-release-macos-arm64 1.1 1.00 16.00 17.00 OK
r-release-macos-x86_64 1.1 2.00 23.00 25.00 OK
r-release-windows-x86_64 1.1 3.00 43.00 46.00 OK
r-oldrel-macos-arm64 1.1 1.00 15.00 16.00 OK
r-oldrel-macos-x86_64 1.1 2.00 22.00 24.00 OK
r-oldrel-windows-x86_64 1.1 3.00 44.00 47.00 OK

Check Details

Version: 1.1
Check: CRAN incoming feasibility
Result: NOTE Maintainer: ‘Wei Sun <sunweisurrey8@gmail.com>’ No Authors@R field in DESCRIPTION. Please add one, modifying Authors@R: c(person(given = "Wei", family = "Sun", role = c("aut", "cre"), email = "sunweisurrey8@gmail.com"), person(given = "Xingye", family = "Qiao", role = "aut"), person(given = "Guang", family = "Cheng", role = "aut")) as necessary. Flavors: r-devel-linux-x86_64-debian-clang, r-devel-linux-x86_64-debian-gcc

These binaries (installable software) and packages are in development.
They may not be fully stable and should be used with caution. We make no claims about them.