Last updated on 2025-05-01 12:49:41 CEST.
Flavor | Version | Tinstall | Tcheck | Ttotal | Status | Flags |
---|---|---|---|---|---|---|
r-devel-linux-x86_64-debian-clang | 1.84-6.3 | 3.31 | 28.68 | 31.99 | NOTE | |
r-devel-linux-x86_64-debian-gcc | 1.84-6.3 | 2.17 | 23.08 | 25.25 | NOTE | |
r-devel-linux-x86_64-fedora-clang | 1.84-6.3 | 49.58 | OK | |||
r-devel-linux-x86_64-fedora-gcc | 1.84-6.3 | 59.92 | OK | |||
r-devel-windows-x86_64 | 1.84-6.3 | 5.00 | 65.00 | 70.00 | OK | |
r-patched-linux-x86_64 | 1.84-6.3 | 2.93 | 27.27 | 30.20 | OK | |
r-release-linux-x86_64 | OK | |||||
r-release-macos-arm64 | 1.84-6.3 | 28.00 | OK | |||
r-release-macos-x86_64 | 1.84-6.3 | 48.00 | OK | |||
r-release-windows-x86_64 | 1.84-6.3 | 4.00 | 69.00 | 73.00 | OK | |
r-oldrel-macos-arm64 | 1.84-6.3 | 36.00 | NOTE | |||
r-oldrel-macos-x86_64 | 1.84-6.3 | 39.00 | NOTE | |||
r-oldrel-windows-x86_64 | 1.84-6.3 | 4.00 | 64.00 | 68.00 | OK |
Version: 1.84-6.3
Check: CRAN incoming feasibility
Result: NOTE
Maintainer: ‘Jochen Knaus <jo@imbi.uni-freiburg.de>’
No Authors@R field in DESCRIPTION.
Please add one, modifying
Authors@R: person(given = "Jochen",
family = "Knaus",
role = c("aut", "cre"),
email = "jo@imbi.uni-freiburg.de")
as necessary.
Flavors: r-devel-linux-x86_64-debian-clang, r-devel-linux-x86_64-debian-gcc
Version: 1.84-6.3
Check: package dependencies
Result: NOTE
Package suggested but not available for checking: ‘Rmpi’
Flavors: r-oldrel-macos-arm64, r-oldrel-macos-x86_64
These binaries (installable software) and packages are in development.
They may not be fully stable and should be used with caution. We make no claims about them.