CRAN Package Check Results for Package snowfall

Last updated on 2025-10-23 17:51:03 CEST.

Flavor Version Tinstall Tcheck Ttotal Status Flags
r-devel-linux-x86_64-debian-clang 1.84-6.3 3.12 31.56 34.68 NOTE
r-devel-linux-x86_64-debian-gcc 1.84-6.3 2.23 24.70 26.93 NOTE
r-devel-linux-x86_64-fedora-clang 1.84-6.3 13.00 40.71 53.71 OK
r-devel-linux-x86_64-fedora-gcc 1.84-6.3 62.21 OK
r-devel-windows-x86_64 1.84-6.3 4.00 62.00 66.00 OK
r-patched-linux-x86_64 1.84-6.3 2.58 29.34 31.92 OK
r-release-linux-x86_64 1.84-6.3 2.85 30.03 32.88 OK
r-release-macos-arm64 1.84-6.3 2.00 26.00 28.00 OK
r-release-macos-x86_64 1.84-6.3 3.00 45.00 48.00 OK
r-release-windows-x86_64 1.84-6.3 4.00 69.00 73.00 OK
r-oldrel-macos-arm64 1.84-6.3 2.00 34.00 36.00 NOTE
r-oldrel-macos-x86_64 1.84-6.3 2.00 37.00 39.00 NOTE
r-oldrel-windows-x86_64 1.84-6.3 4.00 64.00 68.00 OK

Check Details

Version: 1.84-6.3
Check: CRAN incoming feasibility
Result: NOTE Maintainer: ‘Jochen Knaus <jo@imbi.uni-freiburg.de>’ No Authors@R field in DESCRIPTION. Please add one, modifying Authors@R: person(given = "Jochen", family = "Knaus", role = c("aut", "cre"), email = "jo@imbi.uni-freiburg.de") as necessary. Flavors: r-devel-linux-x86_64-debian-clang, r-devel-linux-x86_64-debian-gcc

Version: 1.84-6.3
Check: package dependencies
Result: NOTE Package suggested but not available for checking: ‘Rmpi’ Flavors: r-oldrel-macos-arm64, r-oldrel-macos-x86_64

These binaries (installable software) and packages are in development.
They may not be fully stable and should be used with caution. We make no claims about them.