Last updated on 2025-05-08 04:52:19 CEST.
Flavor | Version | Tinstall | Tcheck | Ttotal | Status | Flags |
---|---|---|---|---|---|---|
r-devel-linux-x86_64-debian-clang | 1.2.0 | 35.23 | 493.70 | 528.93 | NOTE | |
r-devel-linux-x86_64-debian-gcc | 1.2.0 | 23.95 | 341.74 | 365.69 | NOTE | |
r-devel-linux-x86_64-fedora-clang | 1.2.0 | 893.84 | NOTE | |||
r-devel-linux-x86_64-fedora-gcc | 1.2.0 | 806.30 | NOTE | |||
r-devel-windows-x86_64 | 1.2.0 | 36.00 | 430.00 | 466.00 | NOTE | |
r-patched-linux-x86_64 | 1.2.0 | 34.58 | 461.05 | 495.63 | NOTE | |
r-release-linux-x86_64 | 1.2.0 | 34.20 | 462.84 | 497.04 | NOTE | |
r-release-macos-arm64 | 1.2.0 | 199.00 | NOTE | |||
r-release-macos-x86_64 | 1.2.0 | 442.00 | OK | |||
r-release-windows-x86_64 | 1.2.0 | 39.00 | 443.00 | 482.00 | NOTE | |
r-oldrel-macos-arm64 | 1.2.0 | 213.00 | NOTE | |||
r-oldrel-macos-x86_64 | 1.2.0 | 421.00 | NOTE | |||
r-oldrel-windows-x86_64 | 1.2.0 | 47.00 | 9.00 | 56.00 | ERROR |
Version: 1.2.0
Check: DESCRIPTION meta-information
Result: NOTE
Missing dependency on R >= 4.1.0 because package code uses the pipe
|> or function shorthand \(...) syntax added in R 4.1.0.
File(s) using such syntax:
‘gtable_ld_associations_combine.Rd’ ‘gtable_ld_grobs.Rd’
Flavors: r-devel-linux-x86_64-debian-clang, r-devel-linux-x86_64-debian-gcc, r-devel-linux-x86_64-fedora-clang, r-devel-linux-x86_64-fedora-gcc, r-devel-windows-x86_64, r-patched-linux-x86_64, r-release-linux-x86_64, r-release-macos-arm64, r-release-windows-x86_64
Version: 1.2.0
Check: installed package size
Result: NOTE
installed size is 5.6Mb
sub-directories of 1Mb or more:
doc 4.2Mb
Flavors: r-oldrel-macos-arm64, r-oldrel-macos-x86_64
Version: 1.2.0
Check: whether package can be installed
Result: ERROR
Installation failed.
Flavor: r-oldrel-windows-x86_64
These binaries (installable software) and packages are in development.
They may not be fully stable and should be used with caution. We make no claims about them.