Last updated on 2025-02-16 08:51:01 CET.
Flavor | Version | Tinstall | Tcheck | Ttotal | Status | Flags |
---|---|---|---|---|---|---|
r-devel-linux-x86_64-debian-clang | 1.2.0 | 35.72 | 483.96 | 519.68 | OK | |
r-devel-linux-x86_64-debian-gcc | 1.2.0 | 25.17 | 325.23 | 350.40 | OK | |
r-devel-linux-x86_64-fedora-clang | 1.2.0 | 829.65 | OK | |||
r-devel-linux-x86_64-fedora-gcc | 1.2.0 | 798.74 | OK | |||
r-devel-macos-arm64 | 1.2.0 | 186.00 | OK | |||
r-devel-macos-x86_64 | 1.2.0 | 442.00 | OK | |||
r-devel-windows-x86_64 | 1.2.0 | 37.00 | 424.00 | 461.00 | OK | |
r-patched-linux-x86_64 | 1.2.0 | 31.93 | 438.19 | 470.12 | OK | |
r-release-linux-x86_64 | 1.2.0 | 32.28 | 441.80 | 474.08 | OK | |
r-release-macos-arm64 | 1.2.0 | 213.00 | NOTE | |||
r-release-macos-x86_64 | 1.2.0 | 421.00 | NOTE | |||
r-release-windows-x86_64 | 1.2.0 | 36.00 | 434.00 | 470.00 | NOTE | |
r-oldrel-macos-arm64 | 1.2.0 | 10.00 | ERROR | |||
r-oldrel-macos-x86_64 | 1.2.0 | 11.00 | ERROR | |||
r-oldrel-windows-x86_64 | 1.2.0 | 48.00 | 572.00 | 620.00 | NOTE |
Version: 1.2.0
Check: installed package size
Result: NOTE
installed size is 5.6Mb
sub-directories of 1Mb or more:
doc 4.2Mb
Flavors: r-release-macos-arm64, r-release-macos-x86_64, r-release-windows-x86_64, r-oldrel-windows-x86_64
Version: 1.2.0
Check: package dependencies
Result: ERROR
Package required but not available: ‘GWASTools’
See section ‘The DESCRIPTION file’ in the ‘Writing R Extensions’
manual.
Flavors: r-oldrel-macos-arm64, r-oldrel-macos-x86_64
These binaries (installable software) and packages are in development.
They may not be fully stable and should be used with caution. We make no claims about them.