Last updated on 2025-02-23 15:49:58 CET.
Flavor | Version | Tinstall | Tcheck | Ttotal | Status | Flags |
---|---|---|---|---|---|---|
r-devel-linux-x86_64-debian-clang | 0.18.2 | 26.14 | 181.54 | 207.68 | NOTE | |
r-devel-linux-x86_64-debian-gcc | 0.18.2 | 18.65 | 128.37 | 147.02 | NOTE | |
r-devel-linux-x86_64-fedora-clang | 0.18.2 | 319.84 | OK | |||
r-devel-linux-x86_64-fedora-gcc | 0.18.2 | 314.44 | OK | |||
r-devel-macos-arm64 | 0.18.2 | 94.00 | OK | |||
r-devel-macos-x86_64 | 0.18.2 | 200.00 | OK | |||
r-devel-windows-x86_64 | 0.18.2 | 28.00 | 180.00 | 208.00 | NOTE | |
r-patched-linux-x86_64 | 0.18.2 | 27.22 | 161.56 | 188.78 | OK | |
r-release-linux-x86_64 | 0.18.2 | 23.26 | 164.40 | 187.66 | OK | |
r-release-macos-arm64 | 0.18.2 | 89.00 | OK | |||
r-release-macos-x86_64 | 0.18.2 | 234.00 | OK | |||
r-release-windows-x86_64 | 0.18.2 | 29.00 | 186.00 | 215.00 | OK | |
r-oldrel-macos-arm64 | 0.18.2 | 100.00 | OK | |||
r-oldrel-macos-x86_64 | 0.18.2 | 128.00 | OK | |||
r-oldrel-windows-x86_64 | 0.18.2 | 39.00 | 240.00 | 279.00 | OK |
Version: 0.18.2
Check: Rd cross-references
Result: NOTE
Found the following Rd file(s) with Rd \link{} targets missing package
anchors:
snplist-package.Rd: Rcpp
Please provide package anchors for all Rd \link{} targets not in the
package itself and the base packages.
Flavors: r-devel-linux-x86_64-debian-clang, r-devel-linux-x86_64-debian-gcc, r-devel-windows-x86_64
These binaries (installable software) and packages are in development.
They may not be fully stable and should be used with caution. We make no claims about them.