CRAN Package Check Results for Package snvecR

Last updated on 2025-10-23 21:51:41 CEST.

Flavor Version Tinstall Tcheck Ttotal Status Flags
r-devel-linux-x86_64-debian-clang 3.10.1 3.45 169.77 173.22 OK
r-devel-linux-x86_64-debian-gcc 3.10.1 2.25 113.70 115.95 OK
r-devel-linux-x86_64-fedora-clang 3.10.1 19.00 254.29 273.29 NOTE
r-devel-linux-x86_64-fedora-gcc 3.10.1 268.15 NOTE
r-devel-windows-x86_64 3.10.1 5.00 259.00 264.00 OK
r-patched-linux-x86_64 3.10.1 3.88 0.02 3.90 FAIL
r-release-linux-x86_64 3.10.1 3.28 162.61 165.89 OK
r-release-macos-arm64 3.10.1 2.00 114.00 116.00 OK
r-release-macos-x86_64 3.10.1 4.00 210.00 214.00 OK
r-release-windows-x86_64 3.10.1 7.00 247.00 254.00 OK
r-oldrel-macos-arm64 3.10.1 2.00 110.00 112.00 OK
r-oldrel-macos-x86_64 3.10.1 4.00 156.00 160.00 OK
r-oldrel-windows-x86_64 3.10.1 7.00 300.00 307.00 OK

Check Details

Version: 3.10.1
Check: dependencies in R code
Result: NOTE Namespace in Imports field not imported from: ‘backports’ All declared Imports should be used. Flavors: r-devel-linux-x86_64-fedora-clang, r-devel-linux-x86_64-fedora-gcc

Version: 3.10.1
Check: re-building of vignette outputs
Result: FAIL
Flavor: r-patched-linux-x86_64

These binaries (installable software) and packages are in development.
They may not be fully stable and should be used with caution. We make no claims about them.