Last updated on 2025-07-26 07:50:35 CEST.
Flavor | Version | Tinstall | Tcheck | Ttotal | Status | Flags |
---|---|---|---|---|---|---|
r-devel-linux-x86_64-debian-clang | 3.10.1 | 3.33 | 166.32 | 169.65 | OK | |
r-devel-linux-x86_64-debian-gcc | 3.10.1 | 2.33 | 108.93 | 111.26 | OK | |
r-devel-linux-x86_64-fedora-clang | 3.10.1 | 253.42 | NOTE | |||
r-devel-linux-x86_64-fedora-gcc | 3.10.1 | 264.33 | NOTE | |||
r-devel-windows-x86_64 | 3.10.1 | 7.00 | 253.00 | 260.00 | OK | |
r-patched-linux-x86_64 | 3.10.1 | 2.74 | 156.89 | 159.63 | OK | |
r-release-linux-x86_64 | 3.10.1 | 3.30 | 157.48 | 160.78 | OK | |
r-release-macos-arm64 | 3.10.1 | 116.00 | OK | |||
r-release-macos-x86_64 | 3.10.1 | 214.00 | OK | |||
r-release-windows-x86_64 | 3.10.1 | 7.00 | 248.00 | 255.00 | OK | |
r-oldrel-macos-arm64 | 3.10.1 | 112.00 | OK | |||
r-oldrel-macos-x86_64 | 3.10.1 | 160.00 | OK | |||
r-oldrel-windows-x86_64 | 3.10.1 | 7.00 | 302.00 | 309.00 | OK |
Version: 3.10.1
Check: dependencies in R code
Result: NOTE
Namespace in Imports field not imported from: ‘backports’
All declared Imports should be used.
Flavors: r-devel-linux-x86_64-fedora-clang, r-devel-linux-x86_64-fedora-gcc
These binaries (installable software) and packages are in development.
They may not be fully stable and should be used with caution. We make no claims about them.