Last updated on 2024-07-27 15:50:34 CEST.
Flavor | Version | Tinstall | Tcheck | Ttotal | Status | Flags |
---|---|---|---|---|---|---|
r-devel-linux-x86_64-debian-clang | 3.9.4 | 2.62 | 205.53 | 208.15 | OK | |
r-devel-linux-x86_64-debian-gcc | 3.9.4 | OK | ||||
r-devel-linux-x86_64-fedora-clang | 3.9.4 | 268.14 | NOTE | |||
r-devel-linux-x86_64-fedora-gcc | 3.9.4 | 265.16 | NOTE | |||
r-devel-windows-x86_64 | 3.9.4 | 6.00 | 319.00 | 325.00 | OK | |
r-patched-linux-x86_64 | 3.9.4 | OK | ||||
r-release-linux-x86_64 | 3.9.4 | 2.37 | 199.25 | 201.62 | OK | |
r-release-macos-arm64 | 3.9.4 | 163.00 | OK | |||
r-release-macos-x86_64 | 3.9.4 | 264.00 | OK | |||
r-release-windows-x86_64 | 3.9.4 | 5.00 | 315.00 | 320.00 | OK | |
r-oldrel-macos-arm64 | 3.9.4 | 216.00 | OK | |||
r-oldrel-macos-x86_64 | 3.9.4 | 333.00 | OK | |||
r-oldrel-windows-x86_64 | 3.9.4 | 6.00 | 403.00 | 409.00 | OK |
Version: 3.9.4
Check: dependencies in R code
Result: NOTE
Namespace in Imports field not imported from: ‘backports’
All declared Imports should be used.
Flavors: r-devel-linux-x86_64-fedora-clang, r-devel-linux-x86_64-fedora-gcc
These binaries (installable software) and packages are in development.
They may not be fully stable and should be used with caution. We make no claims about them.