CRAN Package Check Results for Package sobolnp

Last updated on 2025-05-01 14:49:23 CEST.

Flavor Version Tinstall Tcheck Ttotal Status Flags
r-devel-linux-x86_64-debian-clang 0.1.0 7.51 81.03 88.54 NOTE
r-devel-linux-x86_64-debian-gcc 0.1.0 5.82 58.65 64.47 NOTE
r-devel-linux-x86_64-fedora-clang 0.1.0 140.49 OK
r-devel-linux-x86_64-fedora-gcc 0.1.0 128.16 OK
r-devel-windows-x86_64 0.1.0 8.00 91.00 99.00 OK
r-patched-linux-x86_64 0.1.0 7.40 77.85 85.25 OK
r-release-linux-x86_64 OK
r-release-macos-arm64 0.1.0 44.00 OK
r-release-macos-x86_64 0.1.0 82.00 OK
r-release-windows-x86_64 0.1.0 9.00 97.00 106.00 OK
r-oldrel-macos-arm64 0.1.0 39.00 NOTE
r-oldrel-macos-x86_64 0.1.0 60.00 NOTE
r-oldrel-windows-x86_64 0.1.0 10.00 110.00 120.00 NOTE

Check Details

Version: 0.1.0
Check: CRAN incoming feasibility
Result: NOTE Maintainer: ‘Maikol Solís <maikol.solis@ucr.ac.cr>’ No Authors@R field in DESCRIPTION. Please add one, modifying Authors@R: person(given = "Maikol", family = "Solís", role = c("aut", "cre"), email = "maikol.solis@ucr.ac.cr") as necessary. The Description field contains M. (2018) <arXiv:1803.03333>. Please refer to arXiv e-prints via their arXiv DOI <doi:10.48550/arXiv.YYMM.NNNNN>. Flavors: r-devel-linux-x86_64-debian-clang, r-devel-linux-x86_64-debian-gcc

Version: 0.1.0
Check: examples
Result: NOTE Examples with CPU (user + system) or elapsed time > 5s user system elapsed print 4.666 0.007 5.678 plot 4.470 0.007 5.011 sobolnp 4.440 0.001 5.104 Flavor: r-devel-linux-x86_64-debian-clang

Version: 0.1.0
Check: LazyData
Result: NOTE 'LazyData' is specified without a 'data' directory Flavors: r-oldrel-macos-arm64, r-oldrel-macos-x86_64, r-oldrel-windows-x86_64

These binaries (installable software) and packages are in development.
They may not be fully stable and should be used with caution. We make no claims about them.