Last updated on 2024-07-27 15:50:34 CEST.
Flavor | Version | Tinstall | Tcheck | Ttotal | Status | Flags |
---|---|---|---|---|---|---|
r-devel-linux-x86_64-debian-clang | 0.1.0 | 8.94 | 105.22 | 114.16 | NOTE | |
r-devel-linux-x86_64-debian-gcc | 0.1.0 | NOTE | ||||
r-devel-linux-x86_64-fedora-clang | 0.1.0 | 136.29 | NOTE | |||
r-devel-linux-x86_64-fedora-gcc | 0.1.0 | 128.72 | NOTE | |||
r-devel-windows-x86_64 | 0.1.0 | 9.00 | 87.00 | 96.00 | NOTE | |
r-patched-linux-x86_64 | 0.1.0 | NOTE | ||||
r-release-linux-x86_64 | 0.1.0 | 8.52 | 95.59 | 104.11 | NOTE | |
r-release-macos-arm64 | 0.1.0 | 39.00 | NOTE | |||
r-release-macos-x86_64 | 0.1.0 | 60.00 | NOTE | |||
r-release-windows-x86_64 | 0.1.0 | 8.00 | 86.00 | 94.00 | NOTE | |
r-oldrel-macos-arm64 | 0.1.0 | 44.00 | NOTE | |||
r-oldrel-macos-x86_64 | 0.1.0 | 73.00 | NOTE | |||
r-oldrel-windows-x86_64 | 0.1.0 | 11.00 | 106.00 | 117.00 | NOTE |
Version: 0.1.0
Check: LazyData
Result: NOTE
'LazyData' is specified without a 'data' directory
Flavors: r-devel-linux-x86_64-debian-clang, r-devel-linux-x86_64-debian-gcc, r-devel-linux-x86_64-fedora-clang, r-devel-linux-x86_64-fedora-gcc, r-devel-windows-x86_64, r-patched-linux-x86_64, r-release-linux-x86_64, r-release-macos-arm64, r-release-macos-x86_64, r-release-windows-x86_64, r-oldrel-macos-arm64, r-oldrel-macos-x86_64, r-oldrel-windows-x86_64
These binaries (installable software) and packages are in development.
They may not be fully stable and should be used with caution. We make no claims about them.