Last updated on 2025-11-16 03:50:12 CET.
| Flavor | Version | Tinstall | Tcheck | Ttotal | Status | Flags |
|---|---|---|---|---|---|---|
| r-devel-linux-x86_64-debian-clang | 1.0 | 11.15 | 28.01 | 39.16 | NOTE | |
| r-devel-linux-x86_64-debian-gcc | 1.0 | 8.25 | 22.27 | 30.52 | NOTE | |
| r-devel-linux-x86_64-fedora-clang | 1.0 | 18.00 | 45.56 | 63.56 | OK | |
| r-devel-linux-x86_64-fedora-gcc | 1.0 | 29.00 | 31.88 | 60.88 | OK | |
| r-devel-windows-x86_64 | 1.0 | 18.00 | 58.00 | 76.00 | OK | |
| r-patched-linux-x86_64 | 1.0 | 11.49 | 26.27 | 37.76 | OK | |
| r-release-linux-x86_64 | 1.0 | 11.72 | 26.28 | 38.00 | OK | |
| r-release-macos-arm64 | 1.0 | 5.00 | 17.00 | 22.00 | OK | |
| r-release-macos-x86_64 | 1.0 | 8.00 | 29.00 | 37.00 | OK | |
| r-release-windows-x86_64 | 1.0 | 16.00 | 60.00 | 76.00 | OK | |
| r-oldrel-macos-arm64 | 1.0 | 6.00 | 16.00 | 22.00 | OK | |
| r-oldrel-macos-x86_64 | 1.0 | 8.00 | 24.00 | 32.00 | OK | |
| r-oldrel-windows-x86_64 | 1.0 | 16.00 | 73.00 | 89.00 | OK |
Version: 1.0
Check: CRAN incoming feasibility
Result: NOTE
Maintainer: ‘Tom Pike <tpike@lincoln.ac.uk>’
No Authors@R field in DESCRIPTION.
Please add one, modifying
Authors@R: person(given = "Tom",
family = "Pike",
role = c("aut", "cre"),
email = "tpike@lincoln.ac.uk")
as necessary.
Flavors: r-devel-linux-x86_64-debian-clang, r-devel-linux-x86_64-debian-gcc
These binaries (installable software) and packages are in development.
They may not be fully stable and should be used with caution. We make no claims about them.