Last updated on 2025-07-22 07:49:53 CEST.
Flavor | Version | Tinstall | Tcheck | Ttotal | Status | Flags |
---|---|---|---|---|---|---|
r-devel-linux-x86_64-debian-clang | 1.0 | 11.48 | 26.54 | 38.02 | NOTE | |
r-devel-linux-x86_64-debian-gcc | 1.0 | 8.47 | 21.35 | 29.82 | NOTE | |
r-devel-linux-x86_64-fedora-clang | 1.0 | 63.18 | OK | |||
r-devel-linux-x86_64-fedora-gcc | 1.0 | 59.84 | OK | |||
r-devel-windows-x86_64 | 1.0 | 15.00 | 62.00 | 77.00 | OK | |
r-patched-linux-x86_64 | 1.0 | 12.08 | 25.07 | 37.15 | OK | |
r-release-linux-x86_64 | 1.0 | 11.69 | 25.43 | 37.12 | OK | |
r-release-macos-arm64 | 1.0 | 22.00 | OK | |||
r-release-macos-x86_64 | 1.0 | 37.00 | OK | |||
r-release-windows-x86_64 | 1.0 | 15.00 | 63.00 | 78.00 | OK | |
r-oldrel-macos-arm64 | 1.0 | 22.00 | OK | |||
r-oldrel-macos-x86_64 | 1.0 | 32.00 | OK | |||
r-oldrel-windows-x86_64 | 1.0 | 16.00 | 74.00 | 90.00 | OK |
Version: 1.0
Check: CRAN incoming feasibility
Result: NOTE
Maintainer: ‘Tom Pike <tpike@lincoln.ac.uk>’
No Authors@R field in DESCRIPTION.
Please add one, modifying
Authors@R: person(given = "Tom",
family = "Pike",
role = c("aut", "cre"),
email = "tpike@lincoln.ac.uk")
as necessary.
Flavors: r-devel-linux-x86_64-debian-clang, r-devel-linux-x86_64-debian-gcc
These binaries (installable software) and packages are in development.
They may not be fully stable and should be used with caution. We make no claims about them.