CRAN Package Check Results for Package soilhypfit

Last updated on 2025-05-22 06:51:59 CEST.

Flavor Version Tinstall Tcheck Ttotal Status Flags
r-devel-linux-x86_64-debian-clang 0.1-7 12.48 102.69 115.17 NOTE
r-devel-linux-x86_64-debian-gcc 0.1-7 8.55 70.79 79.34 NOTE
r-devel-linux-x86_64-fedora-clang 0.1-7 195.03 OK
r-devel-linux-x86_64-fedora-gcc 0.1-7 168.28 OK
r-devel-windows-x86_64 0.1-7 14.00 137.00 151.00 NOTE
r-patched-linux-x86_64 0.1-7 15.45 96.25 111.70 NOTE
r-release-linux-x86_64 0.1-7 12.38 95.70 108.08 NOTE
r-release-macos-arm64 0.1-7 48.00 OK
r-release-macos-x86_64 0.1-7 93.00 OK
r-release-windows-x86_64 0.1-7 15.00 149.00 164.00 NOTE
r-oldrel-macos-arm64 0.1-7 45.00 OK
r-oldrel-macos-x86_64 0.1-7 70.00 OK
r-oldrel-windows-x86_64 0.1-7 20.00 128.00 148.00 OK

Check Details

Version: 0.1-7
Check: Rd cross-references
Result: NOTE Found the following Rd file(s) with Rd \link{} targets missing package anchors: soilhypfit_control_fit_wrc_hcc.Rd: nloptr soilhypfit_fit_wrc_hcc.Rd: nloptr Please provide package anchors for all Rd \link{} targets not in the package itself and the base packages. Flavors: r-devel-linux-x86_64-debian-clang, r-devel-linux-x86_64-debian-gcc, r-devel-windows-x86_64, r-patched-linux-x86_64, r-release-linux-x86_64, r-release-windows-x86_64

These binaries (installable software) and packages are in development.
They may not be fully stable and should be used with caution. We make no claims about them.