Last updated on 2025-02-16 08:51:01 CET.
Flavor | Version | Tinstall | Tcheck | Ttotal | Status | Flags |
---|---|---|---|---|---|---|
r-devel-linux-x86_64-debian-clang | 5.0 | 28.84 | 128.43 | 157.27 | NOTE | |
r-devel-linux-x86_64-debian-gcc | 5.0 | 20.62 | 95.03 | 115.65 | NOTE | |
r-devel-linux-x86_64-fedora-clang | 5.0 | 265.80 | NOTE | |||
r-devel-linux-x86_64-fedora-gcc | 5.0 | 266.29 | NOTE | |||
r-devel-macos-arm64 | 5.0 | 112.00 | NOTE | |||
r-devel-macos-x86_64 | 5.0 | 171.00 | NOTE | |||
r-devel-windows-x86_64 | 5.0 | 25.00 | 132.00 | 157.00 | NOTE | |
r-patched-linux-x86_64 | 5.0 | 28.48 | 121.46 | 149.94 | NOTE | |
r-release-linux-x86_64 | 5.0 | 27.12 | 122.07 | 149.19 | NOTE | |
r-release-macos-arm64 | 5.0 | 115.00 | NOTE | |||
r-release-macos-x86_64 | 5.0 | 136.00 | NOTE | |||
r-release-windows-x86_64 | 5.0 | 26.00 | 129.00 | 155.00 | NOTE | |
r-oldrel-macos-arm64 | 5.0 | 82.00 | NOTE | |||
r-oldrel-macos-x86_64 | 5.0 | 158.00 | NOTE | |||
r-oldrel-windows-x86_64 | 5.0 | 34.00 | 147.00 | 181.00 | NOTE |
Version: 5.0
Check: Rd files
Result: NOTE
checkRd: (-1) llwrPTF.Rd:7: Escaped LaTeX specials: \&
Flavors: r-devel-linux-x86_64-debian-clang, r-devel-linux-x86_64-debian-gcc, r-devel-linux-x86_64-fedora-clang, r-devel-linux-x86_64-fedora-gcc, r-devel-macos-arm64, r-devel-macos-x86_64, r-devel-windows-x86_64, r-patched-linux-x86_64, r-release-linux-x86_64, r-release-macos-arm64, r-release-macos-x86_64, r-release-windows-x86_64, r-oldrel-macos-arm64, r-oldrel-macos-x86_64, r-oldrel-windows-x86_64
Version: 5.0
Check: installed package size
Result: NOTE
installed size is 5.9Mb
sub-directories of 1Mb or more:
R 4.0Mb
doc 1.1Mb
Flavors: r-release-macos-arm64, r-release-macos-x86_64, r-release-windows-x86_64, r-oldrel-macos-arm64, r-oldrel-macos-x86_64, r-oldrel-windows-x86_64
These binaries (installable software) and packages are in development.
They may not be fully stable and should be used with caution. We make no claims about them.