Last updated on 2025-02-16 08:51:01 CET.
Flavor | Version | Tinstall | Tcheck | Ttotal | Status | Flags |
---|---|---|---|---|---|---|
r-devel-linux-x86_64-debian-clang | 0.46 | 9.27 | 65.22 | 74.49 | NOTE | |
r-devel-linux-x86_64-debian-gcc | 0.46 | 5.84 | 47.27 | 53.11 | NOTE | |
r-devel-linux-x86_64-fedora-clang | 0.46 | 120.39 | OK | |||
r-devel-linux-x86_64-fedora-gcc | 0.46 | 114.39 | OK | |||
r-devel-macos-arm64 | 0.46 | 36.00 | OK | |||
r-devel-macos-x86_64 | 0.46 | 67.00 | OK | |||
r-devel-windows-x86_64 | 0.46 | 11.00 | 106.00 | 117.00 | NOTE | |
r-patched-linux-x86_64 | 0.46 | 11.69 | 62.47 | 74.16 | OK | |
r-release-linux-x86_64 | 0.46 | 8.74 | 63.22 | 71.96 | OK | |
r-release-macos-arm64 | 0.46 | 35.00 | OK | |||
r-release-macos-x86_64 | 0.46 | 53.00 | OK | |||
r-release-windows-x86_64 | 0.46 | 13.00 | 97.00 | 110.00 | OK | |
r-oldrel-macos-arm64 | 0.46 | 40.00 | OK | |||
r-oldrel-macos-x86_64 | 0.46 | 60.00 | NOTE | |||
r-oldrel-windows-x86_64 | 0.46 | 15.00 | 116.00 | 131.00 | OK |
Version: 0.46
Check: Rd cross-references
Result: NOTE
Found the following Rd file(s) with Rd \link{} targets missing package
anchors:
window-methods.Rd: window.zoo
writeSolar.Rd: read.zoo, write.zoo
Please provide package anchors for all Rd \link{} targets not in the
package itself and the base packages.
Flavors: r-devel-linux-x86_64-debian-clang, r-devel-linux-x86_64-debian-gcc, r-devel-windows-x86_64
Version: 0.46
Check: package dependencies
Result: NOTE
Packages suggested but not available for checking:
'raster', 'rasterVis', 'meteoForecast'
Flavor: r-oldrel-macos-x86_64
These binaries (installable software) and packages are in development.
They may not be fully stable and should be used with caution. We make no claims about them.