CRAN Package Check Results for Package solarPos

Last updated on 2025-07-01 15:50:02 CEST.

Flavor Version Tinstall Tcheck Ttotal Status Flags
r-devel-linux-x86_64-debian-clang 1.0 2.23 19.24 21.47 NOTE
r-devel-linux-x86_64-debian-gcc 1.0 1.68 15.79 17.47 NOTE
r-devel-linux-x86_64-fedora-clang 1.0 34.10 OK
r-devel-linux-x86_64-fedora-gcc 1.0 30.94 OK
r-devel-windows-x86_64 1.0 3.00 41.00 44.00 OK
r-patched-linux-x86_64 OK
r-release-linux-x86_64 1.0 1.98 17.96 19.94 OK
r-release-macos-arm64 1.0 14.00 OK
r-release-macos-x86_64 1.0 25.00 OK
r-release-windows-x86_64 1.0 5.00 45.00 50.00 OK
r-oldrel-macos-arm64 1.0 13.00 OK
r-oldrel-macos-x86_64 1.0 20.00 OK
r-oldrel-windows-x86_64 1.0 3.00 41.00 44.00 OK

Check Details

Version: 1.0
Check: CRAN incoming feasibility
Result: NOTE Maintainer: ‘Jasper Van doninck <vandoninck.jasper@gmail.com>’ No Authors@R field in DESCRIPTION. Please add one, modifying Authors@R: person(given = "Jasper", family = "Van doninck", role = c("aut", "cre"), email = "vandoninck.jasper@gmail.com") as necessary. Flavors: r-devel-linux-x86_64-debian-clang, r-devel-linux-x86_64-debian-gcc

These binaries (installable software) and packages are in development.
They may not be fully stable and should be used with caution. We make no claims about them.