CRAN Package Check Results for Package solitude

Last updated on 2025-02-16 08:51:01 CET.

Flavor Version Tinstall Tcheck Ttotal Status Flags
r-devel-linux-x86_64-debian-clang 1.1.3 2.98 25.13 28.11 OK
r-devel-linux-x86_64-debian-gcc 1.1.3 2.20 20.00 22.20 OK
r-devel-linux-x86_64-fedora-clang 1.1.3 45.63 NOTE
r-devel-linux-x86_64-fedora-gcc 1.1.3 41.58 NOTE
r-devel-macos-arm64 1.1.3 18.00 OK
r-devel-macos-x86_64 1.1.3 28.00 OK
r-devel-windows-x86_64 1.1.3 4.00 47.00 51.00 OK
r-patched-linux-x86_64 1.1.3 2.93 23.61 26.54 OK
r-release-linux-x86_64 1.1.3 2.27 24.03 26.30 OK
r-release-macos-arm64 1.1.3 18.00 OK
r-release-macos-x86_64 1.1.3 26.00 OK
r-release-windows-x86_64 1.1.3 5.00 57.00 62.00 OK
r-oldrel-macos-arm64 1.1.3 19.00 OK
r-oldrel-macos-x86_64 1.1.3 25.00 OK
r-oldrel-windows-x86_64 1.1.3 5.00 51.00 56.00 OK

Check Details

Version: 1.1.3
Check: dependencies in R code
Result: NOTE Namespaces in Imports field not imported from: ‘R6’ ‘lgr’ All declared Imports should be used. Flavors: r-devel-linux-x86_64-fedora-clang, r-devel-linux-x86_64-fedora-gcc

These binaries (installable software) and packages are in development.
They may not be fully stable and should be used with caution. We make no claims about them.