Last updated on 2025-02-16 08:51:01 CET.
Flavor | Version | Tinstall | Tcheck | Ttotal | Status | Flags |
---|---|---|---|---|---|---|
r-devel-linux-x86_64-debian-clang | 1.2.0 | 7.85 | 66.25 | 74.10 | NOTE | |
r-devel-linux-x86_64-debian-gcc | 1.2.0 | 5.50 | 46.75 | 52.25 | NOTE | |
r-devel-linux-x86_64-fedora-clang | 1.2.0 | 120.86 | NOTE | |||
r-devel-linux-x86_64-fedora-gcc | 1.2.0 | 125.24 | NOTE | |||
r-devel-macos-arm64 | 1.2.0 | 45.00 | NOTE | |||
r-devel-macos-x86_64 | 1.2.0 | 93.00 | NOTE | |||
r-devel-windows-x86_64 | 1.2.0 | 11.00 | 122.00 | 133.00 | NOTE | |
r-patched-linux-x86_64 | 1.2.0 | 8.28 | 61.50 | 69.78 | NOTE | |
r-release-linux-x86_64 | 1.2.0 | 7.50 | 61.81 | 69.31 | NOTE | |
r-release-macos-arm64 | 1.2.0 | 46.00 | NOTE | |||
r-release-macos-x86_64 | 1.2.0 | 64.00 | NOTE | |||
r-release-windows-x86_64 | 1.2.0 | 11.00 | 127.00 | 138.00 | NOTE | |
r-oldrel-macos-arm64 | 1.2.0 | 48.00 | OK | |||
r-oldrel-macos-x86_64 | 1.2.0 | 69.00 | OK | |||
r-oldrel-windows-x86_64 | 1.2.0 | 13.00 | 131.00 | 144.00 | OK |
Version: 1.2.0
Check: Rd files
Result: NOTE
checkRd: (-1) solr_mlt.Rd:70: Lost braces; missing escapes or markup?
70 | TermVector DEFAULT_FIELD_NAMES = new String[] {"contents"}
| ^
Flavors: r-devel-linux-x86_64-debian-clang, r-devel-linux-x86_64-debian-gcc, r-devel-linux-x86_64-fedora-clang, r-devel-linux-x86_64-fedora-gcc, r-devel-macos-arm64, r-devel-macos-x86_64, r-devel-windows-x86_64, r-patched-linux-x86_64, r-release-linux-x86_64, r-release-macos-arm64, r-release-macos-x86_64, r-release-windows-x86_64
These binaries (installable software) and packages are in development.
They may not be fully stable and should be used with caution. We make no claims about them.