Last updated on 2025-10-24 09:50:18 CEST.
| Flavor | Version | Tinstall | Tcheck | Ttotal | Status | Flags |
|---|---|---|---|---|---|---|
| r-devel-linux-x86_64-debian-clang | 1.4.4 | 4.65 | 46.84 | 51.49 | NOTE | |
| r-devel-linux-x86_64-debian-gcc | 1.4.4 | 3.31 | 32.60 | 35.91 | NOTE | |
| r-devel-linux-x86_64-fedora-clang | 1.4.4 | 16.00 | 66.60 | 82.60 | OK | |
| r-devel-linux-x86_64-fedora-gcc | 1.4.4 | 10.00 | 66.56 | 76.56 | OK | |
| r-devel-windows-x86_64 | 1.4.4 | 6.00 | 66.00 | 72.00 | OK | |
| r-patched-linux-x86_64 | 1.4.4 | 5.20 | 45.58 | 50.78 | OK | |
| r-release-linux-x86_64 | 1.4.4 | 5.02 | 45.27 | 50.29 | OK | |
| r-release-macos-arm64 | 1.4.4 | 2.00 | 21.00 | 23.00 | OK | |
| r-release-macos-x86_64 | 1.4.4 | 4.00 | 42.00 | 46.00 | OK | |
| r-release-windows-x86_64 | 1.4.4 | 5.00 | 77.00 | 82.00 | OK | |
| r-oldrel-macos-arm64 | 1.4.4 | 2.00 | 20.00 | 22.00 | OK | |
| r-oldrel-macos-x86_64 | 1.4.4 | 3.00 | 33.00 | 36.00 | OK | |
| r-oldrel-windows-x86_64 | 1.4.4 | 8.00 | 77.00 | 85.00 | OK |
Version: 1.4.4
Check: CRAN incoming feasibility
Result: NOTE
Maintainer: ‘Andreas Dominik <andreas.dominik@mni.thm.de>’
No Authors@R field in DESCRIPTION.
Please add one, modifying
Authors@R: person(given = "Andreas",
family = "Dominik",
role = c("aut", "cre"),
email = "andreas.dominik@mni.thm.de")
as necessary.
Flavors: r-devel-linux-x86_64-debian-clang, r-devel-linux-x86_64-debian-gcc
Version: 1.4.4
Check: HTML version of manual
Result: NOTE
Found the following HTML validation problems:
enrich.dirty.html:57:1 (enrich.dirty.Rd:14): Warning: missing </ul> before </div>
Flavor: r-devel-linux-x86_64-debian-clang
These binaries (installable software) and packages are in development.
They may not be fully stable and should be used with caution. We make no claims about them.