Last updated on 2025-07-26 01:51:05 CEST.
Flavor | Version | Tinstall | Tcheck | Ttotal | Status | Flags |
---|---|---|---|---|---|---|
r-devel-linux-x86_64-debian-clang | 1.2.0 | 1.87 | 20.08 | 21.95 | NOTE | |
r-devel-linux-x86_64-debian-gcc | 1.2.0 | 1.38 | 16.83 | 18.21 | NOTE | |
r-devel-linux-x86_64-fedora-clang | 1.2.0 | 32.28 | OK | |||
r-devel-linux-x86_64-fedora-gcc | 1.2.0 | 30.57 | OK | |||
r-devel-windows-x86_64 | 1.2.0 | 3.00 | 46.00 | 49.00 | OK | |
r-patched-linux-x86_64 | 1.2.0 | 2.04 | 18.07 | 20.11 | OK | |
r-release-linux-x86_64 | 1.2.0 | 1.82 | 18.24 | 20.06 | OK | |
r-release-macos-arm64 | 1.2.0 | 20.00 | OK | |||
r-release-macos-x86_64 | 1.2.0 | 36.00 | OK | |||
r-release-windows-x86_64 | 1.2.0 | 3.00 | 52.00 | 55.00 | OK | |
r-oldrel-macos-arm64 | 1.2.0 | 16.00 | OK | |||
r-oldrel-macos-x86_64 | 1.2.0 | 29.00 | OK | |||
r-oldrel-windows-x86_64 | 1.2.0 | 3.00 | 43.00 | 46.00 | OK |
Version: 1.2.0
Check: CRAN incoming feasibility
Result: NOTE
Maintainer: ‘Jon Clayden <code@clayden.org>’
No Authors@R field in DESCRIPTION.
Please add one, modifying
Authors@R: person(given = "Jon",
family = "Clayden",
role = c("aut", "cre"),
email = "code@clayden.org")
as necessary.
Flavors: r-devel-linux-x86_64-debian-clang, r-devel-linux-x86_64-debian-gcc
These binaries (installable software) and packages are in development.
They may not be fully stable and should be used with caution. We make no claims about them.