Last updated on 2025-10-23 11:50:29 CEST.
Flavor | Version | Tinstall | Tcheck | Ttotal | Status | Flags |
---|---|---|---|---|---|---|
r-devel-linux-x86_64-debian-clang | 0.1.1 | 1.73 | 20.48 | 22.21 | NOTE | |
r-devel-linux-x86_64-debian-gcc | 0.1.1 | 1.39 | 16.51 | 17.90 | NOTE | |
r-devel-linux-x86_64-fedora-clang | 0.1.1 | 33.45 | OK | |||
r-devel-linux-x86_64-fedora-gcc | 0.1.1 | 30.74 | OK | |||
r-devel-windows-x86_64 | 0.1.1 | 3.00 | 46.00 | 49.00 | OK | |
r-patched-linux-x86_64 | 0.1.1 | 1.77 | 19.62 | 21.39 | OK | |
r-release-linux-x86_64 | 0.1.1 | 1.70 | 19.39 | 21.09 | OK | |
r-release-macos-arm64 | 0.1.1 | 1.00 | 15.00 | 16.00 | OK | |
r-release-macos-x86_64 | 0.1.1 | 2.00 | 22.00 | 24.00 | OK | |
r-release-windows-x86_64 | 0.1.1 | 4.00 | 57.00 | 61.00 | OK | |
r-oldrel-macos-arm64 | 0.1.1 | 1.00 | 14.00 | 15.00 | OK | |
r-oldrel-macos-x86_64 | 0.1.1 | 1.00 | 19.00 | 20.00 | OK | |
r-oldrel-windows-x86_64 | 0.1.1 | 3.00 | 49.00 | 52.00 | OK |
Version: 0.1.1
Check: CRAN incoming feasibility
Result: NOTE
Maintainer: ‘"Zeb Burke-Conte" <zmbc@uw.edu>’
No Authors@R field in DESCRIPTION.
Please add one, modifying
Authors@R: c(person(given = "Zeb",
family = "Burke-Conte",
role = "aut"),
person(given = "\"Zeb",
family = "Burke-Conte\"",
role = "cre",
email = "zmbc@uw.edu"))
as necessary.
Flavors: r-devel-linux-x86_64-debian-clang, r-devel-linux-x86_64-debian-gcc
These binaries (installable software) and packages are in development.
They may not be fully stable and should be used with caution. We make no claims about them.