Last updated on 2025-11-13 21:50:09 CET.
| Flavor | Version | Tinstall | Tcheck | Ttotal | Status | Flags |
|---|---|---|---|---|---|---|
| r-devel-linux-x86_64-debian-clang | 1.2.1 | 61.58 | 38.42 | 100.00 | NOTE | |
| r-devel-linux-x86_64-debian-gcc | 1.2.1 | 56.65 | 29.99 | 86.64 | NOTE | |
| r-devel-linux-x86_64-fedora-clang | 1.2.1 | 130.00 | 26.10 | 156.10 | NOTE | |
| r-devel-linux-x86_64-fedora-gcc | 1.2.1 | 358.00 | -152.64 | 205.36 | NOTE | |
| r-devel-windows-x86_64 | 1.2.1 | 68.00 | 81.00 | 149.00 | NOTE | |
| r-patched-linux-x86_64 | 1.2.1 | 67.70 | 36.19 | 103.89 | OK | |
| r-release-linux-x86_64 | 1.2.1 | 60.82 | 36.58 | 97.40 | OK | |
| r-release-macos-arm64 | 1.2.1 | 43.00 | 65.00 | 108.00 | OK | |
| r-release-macos-x86_64 | 1.2.1 | 93.00 | 54.00 | 147.00 | OK | |
| r-release-windows-x86_64 | 1.2.1 | 70.00 | 81.00 | 151.00 | OK | |
| r-oldrel-macos-arm64 | 1.2.1 | 41.00 | 33.00 | 74.00 | NOTE | |
| r-oldrel-macos-x86_64 | 1.2.1 | 93.00 | 56.00 | 149.00 | NOTE | |
| r-oldrel-windows-x86_64 | 1.2.1 | 88.00 | 96.00 | 184.00 | OK |
Version: 1.2.1
Check: Rd files
Result: NOTE
checkRd: (-1) sorcering.Rd:252-311: Only 6 columns allowed in this table (row 1 has 4)
checkRd: (-1) sorcering.Rd:252-311: Only 6 columns allowed in this table (row 9 has 1)
checkRd: (-1) sorcering.Rd:252-311: Only 6 columns allowed in this table (row 10 has 1)
checkRd: (-1) sorcering.Rd:252-311: Only 6 columns allowed in this table (row 11 has 1)
checkRd: (-1) sorcering.Rd:252-311: Only 6 columns allowed in this table (row 12 has 4)
checkRd: (-1) sorcering.Rd:252-311: Only 6 columns allowed in this table (row 24 has 1)
checkRd: (-1) sorcering.Rd:252-311: Only 6 columns allowed in this table (row 25 has 1)
checkRd: (-1) sorcering.Rd:252-311: Only 6 columns allowed in this table (row 26 has 1)
checkRd: (-1) sorcering.Rd:252-311: Only 6 columns allowed in this table (row 27 has 4)
Flavors: r-devel-linux-x86_64-debian-clang, r-devel-linux-x86_64-debian-gcc, r-devel-linux-x86_64-fedora-clang, r-devel-windows-x86_64
Version: 1.2.1
Check: HTML version of manual
Result: NOTE
Found the following HTML validation problems:
sorcering.html:639:1 (sorcering.Rd:26): Warning: <script> anchor "MathJax-script" already defined
Flavor: r-devel-linux-x86_64-fedora-gcc
Version: 1.2.1
Check: installed package size
Result: NOTE
installed size is 7.9Mb
sub-directories of 1Mb or more:
libs 7.4Mb
Flavors: r-oldrel-macos-arm64, r-oldrel-macos-x86_64
These binaries (installable software) and packages are in development.
They may not be fully stable and should be used with caution. We make no claims about them.