Last updated on 2025-05-21 21:49:31 CEST.
Flavor | Version | Tinstall | Tcheck | Ttotal | Status | Flags |
---|---|---|---|---|---|---|
r-devel-linux-x86_64-debian-clang | 1.1.0 | 56.28 | 34.47 | 90.75 | OK | |
r-devel-linux-x86_64-debian-gcc | 1.1.0 | 56.37 | 27.63 | 84.00 | OK | |
r-devel-linux-x86_64-fedora-clang | 1.1.0 | 157.06 | OK | |||
r-devel-linux-x86_64-fedora-gcc | 1.1.0 | 202.32 | OK | |||
r-devel-windows-x86_64 | 1.1.0 | 73.00 | 103.00 | 176.00 | OK | |
r-patched-linux-x86_64 | 1.1.0 | 70.05 | 33.49 | 103.54 | OK | |
r-release-linux-x86_64 | 1.1.0 | 67.04 | 33.39 | 100.43 | OK | |
r-release-macos-arm64 | 1.1.0 | 78.00 | OK | |||
r-release-macos-x86_64 | 1.1.0 | 128.00 | OK | |||
r-release-windows-x86_64 | 1.1.0 | 69.00 | 112.00 | 181.00 | OK | |
r-oldrel-macos-arm64 | 1.1.0 | 64.00 | NOTE | |||
r-oldrel-macos-x86_64 | 1.1.0 | 136.00 | NOTE | |||
r-oldrel-windows-x86_64 | 1.1.0 | 82.00 | 96.00 | 178.00 | OK |
Version: 1.1.0
Check: installed package size
Result: NOTE
installed size is 7.8Mb
sub-directories of 1Mb or more:
libs 7.3Mb
Flavors: r-oldrel-macos-arm64, r-oldrel-macos-x86_64
These binaries (installable software) and packages are in development.
They may not be fully stable and should be used with caution. We make no claims about them.