Last updated on 2025-05-08 04:52:19 CEST.
Flavor | Version | Tinstall | Tcheck | Ttotal | Status | Flags |
---|---|---|---|---|---|---|
r-devel-linux-x86_64-debian-clang | 2.1-8 | 3.13 | 100.36 | 103.49 | NOTE | |
r-devel-linux-x86_64-debian-gcc | 2.1-8 | 2.25 | 42.21 | 44.46 | NOTE | |
r-devel-linux-x86_64-fedora-clang | 2.1-8 | 87.62 | OK | |||
r-devel-linux-x86_64-fedora-gcc | 2.1-8 | 227.77 | OK | |||
r-devel-windows-x86_64 | 2.1-8 | 4.00 | 132.00 | 136.00 | OK | |
r-patched-linux-x86_64 | 2.1-8 | 3.61 | 96.81 | 100.42 | OK | |
r-release-linux-x86_64 | 2.1-8 | 2.85 | 99.82 | 102.67 | OK | |
r-release-macos-arm64 | 2.1-8 | 886.00 | OK | |||
r-release-macos-x86_64 | 2.1-8 | 986.00 | OK | |||
r-release-windows-x86_64 | 2.1-8 | 4.00 | 144.00 | 148.00 | OK | |
r-oldrel-macos-arm64 | 2.1-8 | 914.00 | OK | |||
r-oldrel-macos-x86_64 | 2.1-8 | 1023.00 | OK | |||
r-oldrel-windows-x86_64 | 2.1-8 | 4.00 | 145.00 | 149.00 | OK |
Version: 2.1-8
Check: CRAN incoming feasibility
Result: NOTE
Maintainer: ‘Spencer Graves <spencer.graves@prodsyse.com>’
No Authors@R field in DESCRIPTION.
Please add one, modifying
Authors@R: c(person(given = "Spencer",
family = "Graves",
role = c("cre", "aut", "cph"),
email = "spencer.graves@prodsyse.com"),
person(given = "Sundar",
family = "Dorai-Raj",
role = "aut"),
person(given = "Romain",
family = "Francois",
role = "ctb"))
as necessary.
Flavors: r-devel-linux-x86_64-debian-clang, r-devel-linux-x86_64-debian-gcc
These binaries (installable software) and packages are in development.
They may not be fully stable and should be used with caution. We make no claims about them.