Last updated on 2025-05-01 12:49:41 CEST.
Flavor | Version | Tinstall | Tcheck | Ttotal | Status | Flags |
---|---|---|---|---|---|---|
r-devel-linux-x86_64-debian-clang | 0.0.9.2 | 7.26 | 51.50 | 58.76 | NOTE | |
r-devel-linux-x86_64-debian-gcc | 0.0.9.2 | 5.11 | 37.74 | 42.85 | NOTE | |
r-devel-linux-x86_64-fedora-clang | 0.0.9.2 | 96.09 | NOTE | |||
r-devel-linux-x86_64-fedora-gcc | 0.0.9.2 | 100.73 | NOTE | |||
r-devel-windows-x86_64 | 0.0.9.2 | 8.00 | 72.00 | 80.00 | OK | |
r-patched-linux-x86_64 | 0.0.9.2 | 5.90 | 49.24 | 55.14 | OK | |
r-release-linux-x86_64 | OK | |||||
r-release-macos-arm64 | 0.0.9.2 | 35.00 | OK | |||
r-release-macos-x86_64 | 0.0.9.2 | 62.00 | OK | |||
r-release-windows-x86_64 | 0.0.9.2 | 8.00 | 80.00 | 88.00 | OK | |
r-oldrel-macos-arm64 | 0.0.9.2 | 34.00 | OK | |||
r-oldrel-macos-x86_64 | 0.0.9.2 | 51.00 | OK | |||
r-oldrel-windows-x86_64 | 0.0.9.2 | 11.00 | 77.00 | 88.00 | OK |
Version: 0.0.9.2
Check: CRAN incoming feasibility
Result: NOTE
Maintainer: ‘Bruno Silva <bmsasilva@gmail.com>’
No Authors@R field in DESCRIPTION.
Please add one, modifying
Authors@R: person(given = "Bruno",
family = "Silva",
role = c("aut", "cre"),
email = "bmsasilva@gmail.com")
as necessary.
Flavors: r-devel-linux-x86_64-debian-clang, r-devel-linux-x86_64-debian-gcc
Version: 0.0.9.2
Check: dependencies in R code
Result: NOTE
Namespaces in Imports field not imported from:
‘RSQLite’ ‘dbplyr’
All declared Imports should be used.
Flavors: r-devel-linux-x86_64-fedora-clang, r-devel-linux-x86_64-fedora-gcc
These binaries (installable software) and packages are in development.
They may not be fully stable and should be used with caution. We make no claims about them.