Last updated on 2025-05-23 11:56:08 CEST.
Flavor | Version | Tinstall | Tcheck | Ttotal | Status | Flags |
---|---|---|---|---|---|---|
r-devel-linux-x86_64-debian-clang | 0.1.7-1 | 5.36 | 19.96 | 25.32 | NOTE | |
r-devel-linux-x86_64-debian-gcc | 0.1.7-1 | 4.29 | 16.33 | 20.62 | NOTE | |
r-devel-linux-x86_64-fedora-clang | 0.1.7-1 | 44.31 | OK | |||
r-devel-linux-x86_64-fedora-gcc | 0.1.7-1 | 40.78 | OK | |||
r-devel-windows-x86_64 | 0.1.7-1 | 15.00 | 104.00 | 119.00 | OK | |
r-patched-linux-x86_64 | 0.1.7-1 | 4.37 | 18.42 | 22.79 | OK | |
r-release-linux-x86_64 | 0.1.7-1 | 10.42 | 18.24 | 28.66 | OK | |
r-release-macos-arm64 | 0.1.7-1 | 21.00 | OK | |||
r-release-macos-x86_64 | 0.1.7-1 | 31.00 | OK | |||
r-release-windows-x86_64 | 0.1.7-1 | 20.00 | 104.00 | 124.00 | OK | |
r-oldrel-macos-arm64 | 0.1.7-1 | 25.00 | OK | |||
r-oldrel-macos-x86_64 | 0.1.7-1 | 29.00 | OK | |||
r-oldrel-windows-x86_64 | 0.1.7-1 | 15.00 | 54.00 | 69.00 | OK |
Version: 0.1.7-1
Check: CRAN incoming feasibility
Result: NOTE
Maintainer: ‘Kevin Ushey <kevinushey@gmail.com>’
No Authors@R field in DESCRIPTION.
Please add one, modifying
Authors@R: person(given = "Kevin",
family = "Ushey",
role = c("aut", "cre"),
email = "kevinushey@gmail.com")
as necessary.
Flavors: r-devel-linux-x86_64-debian-clang, r-devel-linux-x86_64-debian-gcc
These binaries (installable software) and packages are in development.
They may not be fully stable and should be used with caution. We make no claims about them.