Last updated on 2025-10-09 21:50:31 CEST.
Flavor | Version | Tinstall | Tcheck | Ttotal | Status | Flags |
---|---|---|---|---|---|---|
r-devel-linux-x86_64-debian-clang | 2.2-0 | 19.44 | 205.21 | 224.65 | OK | |
r-devel-linux-x86_64-debian-gcc | 2.2-0 | 11.75 | 143.61 | 155.36 | OK | |
r-devel-linux-x86_64-fedora-clang | 2.2-0 | 342.32 | OK | |||
r-devel-linux-x86_64-fedora-gcc | 2.2-0 | 325.20 | OK | |||
r-devel-windows-x86_64 | 2.2-0 | 25.00 | 226.00 | 251.00 | OK | |
r-patched-linux-x86_64 | 2.2-0 | 17.12 | 196.19 | 213.31 | OK | |
r-release-linux-x86_64 | 2.2-0 | 14.98 | 196.15 | 211.13 | OK | |
r-release-macos-arm64 | 2.2-0 | 86.00 | OK | |||
r-release-macos-x86_64 | 2.2-0 | 181.00 | OK | |||
r-release-windows-x86_64 | 2.2-0 | 31.00 | 220.00 | 251.00 | OK | |
r-oldrel-macos-arm64 | 2.2-0 | 101.00 | NOTE | |||
r-oldrel-macos-x86_64 | 2.2-0 | 287.00 | NOTE | |||
r-oldrel-windows-x86_64 | 2.2-0 | 28.00 | 272.00 | 300.00 | NOTE |
Version: 2.2-0
Check: installed package size
Result: NOTE
installed size is 9.2Mb
sub-directories of 1Mb or more:
doc 7.6Mb
Flavors: r-oldrel-macos-arm64, r-oldrel-macos-x86_64, r-oldrel-windows-x86_64
These binaries (installable software) and packages are in development.
They may not be fully stable and should be used with caution. We make no claims about them.