Last updated on 2025-05-29 13:49:19 CEST.
Flavor | Version | Tinstall | Tcheck | Ttotal | Status | Flags |
---|---|---|---|---|---|---|
r-devel-linux-x86_64-debian-clang | 2.2-0 | 18.86 | 196.98 | 215.84 | OK | |
r-devel-linux-x86_64-debian-gcc | 2.2-0 | 13.04 | 141.16 | 154.20 | OK | |
r-devel-linux-x86_64-fedora-clang | 2.2-0 | 324.85 | OK | |||
r-devel-linux-x86_64-fedora-gcc | 2.2-0 | 341.39 | OK | |||
r-devel-windows-x86_64 | 2.2-0 | 28.00 | 316.00 | 344.00 | OK | |
r-patched-linux-x86_64 | 2.2-0 | 19.55 | 191.89 | 211.44 | OK | |
r-release-linux-x86_64 | 2.2-0 | 16.32 | 190.06 | 206.38 | OK | |
r-release-macos-arm64 | 2.2-0 | 86.00 | OK | |||
r-release-macos-x86_64 | 2.2-0 | 181.00 | OK | |||
r-release-windows-x86_64 | 2.2-0 | 29.00 | 219.00 | 248.00 | OK | |
r-oldrel-macos-arm64 | 2.2-0 | 101.00 | NOTE | |||
r-oldrel-macos-x86_64 | 2.2-0 | 287.00 | NOTE | |||
r-oldrel-windows-x86_64 | 2.2-0 | 37.00 | 264.00 | 301.00 | NOTE |
Version: 2.2-0
Check: installed package size
Result: NOTE
installed size is 9.2Mb
sub-directories of 1Mb or more:
doc 7.6Mb
Flavors: r-oldrel-macos-arm64, r-oldrel-macos-x86_64, r-oldrel-windows-x86_64
These binaries (installable software) and packages are in development.
They may not be fully stable and should be used with caution. We make no claims about them.