Last updated on 2025-05-01 14:49:23 CEST.
Flavor | Version | Tinstall | Tcheck | Ttotal | Status | Flags |
---|---|---|---|---|---|---|
r-devel-linux-x86_64-debian-clang | 0.99.4 | 22.45 | 171.77 | 194.22 | NOTE | |
r-devel-linux-x86_64-debian-gcc | 0.99.4 | 18.04 | 137.80 | 155.84 | OK | |
r-devel-linux-x86_64-fedora-clang | 0.99.4 | 323.86 | OK | |||
r-devel-linux-x86_64-fedora-gcc | 0.99.4 | 323.56 | OK | |||
r-devel-windows-x86_64 | 0.99.4 | 21.00 | 144.00 | 165.00 | OK | |
r-patched-linux-x86_64 | 0.99.4 | 21.11 | 164.91 | 186.02 | OK | |
r-release-linux-x86_64 | OK | |||||
r-release-macos-arm64 | 0.99.4 | 137.00 | OK | |||
r-release-macos-x86_64 | 0.99.4 | 175.00 | OK | |||
r-release-windows-x86_64 | 0.99.4 | 20.00 | 146.00 | 166.00 | OK | |
r-oldrel-macos-arm64 | 0.99.4 | 130.00 | OK | |||
r-oldrel-macos-x86_64 | 0.99.4 | 130.00 | OK | |||
r-oldrel-windows-x86_64 | 0.99.4 | 24.00 | 179.00 | 203.00 | OK |
Version: 0.99.4
Check: examples
Result: NOTE
Examples with CPU (user + system) or elapsed time > 5s
user system elapsed
aovSar.rcbd 3.418 0.031 5.325
Flavor: r-devel-linux-x86_64-debian-clang
These binaries (installable software) and packages are in development.
They may not be fully stable and should be used with caution. We make no claims about them.