CRAN Package Check Results for Package spAddins

Last updated on 2025-02-19 17:51:05 CET.

Flavor Version Tinstall Tcheck Ttotal Status Flags
r-devel-linux-x86_64-debian-clang 0.2.0 2.08 22.94 25.02 OK
r-devel-linux-x86_64-debian-gcc 0.2.0 1.49 18.44 19.93 OK
r-devel-linux-x86_64-fedora-clang 0.2.0 40.99 OK
r-devel-linux-x86_64-fedora-gcc 0.2.0 52.02 OK
r-devel-macos-arm64 0.2.0 26.00 OK
r-devel-macos-x86_64 0.2.0 42.00 OK
r-devel-windows-x86_64 0.2.0 4.00 48.00 52.00 OK
r-patched-linux-x86_64 0.2.0 2.37 21.80 24.17 NOTE
r-release-linux-x86_64 0.2.0 1.93 21.56 23.49 NOTE
r-release-macos-arm64 0.2.0 26.00 NOTE
r-release-macos-x86_64 0.2.0 34.00 NOTE
r-release-windows-x86_64 0.2.0 3.00 48.00 51.00 NOTE
r-oldrel-macos-arm64 0.2.0 23.00 NOTE
r-oldrel-macos-x86_64 0.2.0 31.00 NOTE
r-oldrel-windows-x86_64 0.2.0 4.00 53.00 57.00 NOTE

Check Details

Version: 0.2.0
Check: LazyData
Result: NOTE 'LazyData' is specified without a 'data' directory Flavors: r-patched-linux-x86_64, r-release-linux-x86_64, r-release-macos-arm64, r-release-macos-x86_64, r-release-windows-x86_64, r-oldrel-macos-arm64, r-oldrel-macos-x86_64, r-oldrel-windows-x86_64

These binaries (installable software) and packages are in development.
They may not be fully stable and should be used with caution. We make no claims about them.